CRAN Package Check Results for Package racir

Last updated on 2025-02-16 08:50:58 CET.

Flavor Version Tinstall Tcheck Ttotal Status Flags
r-devel-linux-x86_64-debian-clang 2.0.0 2.16 28.08 30.24 OK
r-devel-linux-x86_64-debian-gcc 2.0.0 1.36 22.66 24.02 OK
r-devel-linux-x86_64-fedora-clang 2.0.0 51.24 OK
r-devel-linux-x86_64-fedora-gcc 2.0.0 61.34 OK
r-devel-macos-arm64 2.0.0 22.00 OK
r-devel-macos-x86_64 2.0.0 40.00 OK
r-devel-windows-x86_64 2.0.0 4.00 54.00 58.00 OK
r-patched-linux-x86_64 2.0.0 2.16 26.80 28.96 NOTE
r-release-linux-x86_64 2.0.0 2.06 26.79 28.85 NOTE
r-release-macos-arm64 2.0.0 23.00 NOTE
r-release-macos-x86_64 2.0.0 37.00 NOTE
r-release-windows-x86_64 2.0.0 4.00 51.00 55.00 NOTE
r-oldrel-macos-arm64 2.0.0 23.00 NOTE
r-oldrel-macos-x86_64 2.0.0 35.00 NOTE
r-oldrel-windows-x86_64 2.0.0 3.00 50.00 53.00 NOTE

Check Details

Version: 2.0.0
Check: LazyData
Result: NOTE 'LazyData' is specified without a 'data' directory Flavors: r-patched-linux-x86_64, r-release-linux-x86_64, r-release-macos-arm64, r-release-macos-x86_64, r-release-windows-x86_64, r-oldrel-macos-arm64, r-oldrel-macos-x86_64, r-oldrel-windows-x86_64

These binaries (installable software) and packages are in development.
They may not be fully stable and should be used with caution. We make no claims about them.