CRAN Package Check Results for Package radiant.data

Last updated on 2025-10-23 11:50:24 CEST.

Flavor Version Tinstall Tcheck Ttotal Status Flags
r-devel-linux-x86_64-debian-clang 1.6.8 16.87 134.31 151.18 NOTE
r-devel-linux-x86_64-debian-gcc 1.6.8 12.34 93.98 106.32 OK
r-devel-linux-x86_64-fedora-clang 1.6.8 80.00 169.67 249.67 OK
r-devel-linux-x86_64-fedora-gcc 1.6.8 40.00 175.62 215.62 OK
r-devel-windows-x86_64 1.6.8 20.00 166.00 186.00 OK
r-patched-linux-x86_64 1.6.8 17.71 126.25 143.96 OK
r-release-linux-x86_64 1.6.8 16.21 125.87 142.08 OK
r-release-macos-arm64 1.6.8 7.00 57.00 64.00 OK
r-release-macos-x86_64 1.6.8 18.00 120.00 138.00 OK
r-release-windows-x86_64 1.6.8 20.00 165.00 185.00 OK
r-oldrel-macos-arm64 1.6.8 9.00 78.00 87.00 OK
r-oldrel-macos-x86_64 1.6.8 16.00 126.00 142.00 OK
r-oldrel-windows-x86_64 1.6.8 27.00 210.00 237.00 OK

Check Details

Version: 1.6.8
Check: HTML version of manual
Result: NOTE Found the following HTML validation problems: as_character.html:46:1 (as_character.Rd:10): Warning: missing </ul> before </div> as_duration.html:46:1 (as_duration.Rd:10): Warning: missing </ul> before </div> as_factor.html:50:1 (as_factor.Rd:12): Warning: missing </ul> before </div> copy_attr.html:54:1 (copy_attr.Rd:14): Warning: missing </ul> before </div> deregister.html:63:1 (deregister.Rd:21): Warning: missing </ul> before </div> fix_smart.html:50:1 (fix_smart.Rd:12): Warning: missing </ul> before </div> indexr.html:66:1 (indexr.Rd:20): Warning: missing </ul> before </div> render.html:50:1 (render.Rd:12): Warning: missing </ul> before </div> render.datatables.html:55:1 (render.datatables.Rd:14): Warning: missing </ul> before </div> render.plotly.html:55:1 (render.plotly.Rd:14): Warning: missing </ul> before </div> store.html:54:1 (store.Rd:14): Warning: missing </ul> before </div> write_parquet.html:54:1 (write_parquet.Rd:14): Warning: missing </ul> before </div> Flavor: r-devel-linux-x86_64-debian-clang

These binaries (installable software) and packages are in development.
They may not be fully stable and should be used with caution. We make no claims about them.