CRAN Package Check Results for Package radous

Last updated on 2025-10-23 11:50:24 CEST.

Flavor Version Tinstall Tcheck Ttotal Status Flags
r-devel-linux-x86_64-debian-clang 0.1.3 1.69 23.81 25.50 NOTE
r-devel-linux-x86_64-debian-gcc 0.1.3 1.17 19.31 20.48 NOTE
r-devel-linux-x86_64-fedora-clang 0.1.3 34.85 OK
r-devel-linux-x86_64-fedora-gcc 0.1.3 33.64 OK
r-devel-windows-x86_64 0.1.3 3.00 41.00 44.00 OK
r-patched-linux-x86_64 0.1.3 1.69 21.07 22.76 OK
r-release-linux-x86_64 0.1.3 1.60 20.90 22.50 OK
r-release-macos-arm64 0.1.3 1.00 19.00 20.00 OK
r-release-macos-x86_64 0.1.3 2.00 25.00 27.00 OK
r-release-windows-x86_64 0.1.3 4.00 43.00 47.00 OK
r-oldrel-macos-arm64 0.1.3 1.00 19.00 20.00 OK
r-oldrel-macos-x86_64 0.1.3 1.00 24.00 25.00 OK
r-oldrel-windows-x86_64 0.1.3 4.00 48.00 52.00 OK

Check Details

Version: 0.1.3
Check: CRAN incoming feasibility
Result: NOTE Maintainer: ‘Mohamed El Fodil Ihaddaden <ihaddaden.fodeil@gmail.com>’ No Authors@R field in DESCRIPTION. Please add one, modifying Authors@R: person(given = c("Mohamed", "El", "Fodil"), family = "Ihaddaden", role = c("aut", "cre"), email = "ihaddaden.fodeil@gmail.com") as necessary. Flavors: r-devel-linux-x86_64-debian-clang, r-devel-linux-x86_64-debian-gcc

These binaries (installable software) and packages are in development.
They may not be fully stable and should be used with caution. We make no claims about them.