Last updated on 2025-05-08 04:52:15 CEST.
Flavor | Version | Tinstall | Tcheck | Ttotal | Status | Flags |
---|---|---|---|---|---|---|
r-devel-linux-x86_64-debian-clang | 2.3.0 | 4.68 | 50.43 | 55.11 | NOTE | |
r-devel-linux-x86_64-debian-gcc | 2.3.0 | 3.01 | 37.41 | 40.42 | NOTE | |
r-devel-linux-x86_64-fedora-clang | 2.3.0 | 91.27 | OK | |||
r-devel-linux-x86_64-fedora-gcc | 2.3.0 | 103.11 | OK | |||
r-devel-windows-x86_64 | 2.3.0 | 6.00 | 75.00 | 81.00 | OK | |
r-patched-linux-x86_64 | 2.3.0 | 4.09 | 46.14 | 50.23 | OK | |
r-release-linux-x86_64 | 2.3.0 | 3.37 | 45.96 | 49.33 | OK | |
r-release-macos-arm64 | 2.3.0 | 36.00 | OK | |||
r-release-macos-x86_64 | 2.3.0 | 59.00 | OK | |||
r-release-windows-x86_64 | 2.3.0 | 8.00 | 76.00 | 84.00 | OK | |
r-oldrel-macos-arm64 | 2.3.0 | 33.00 | OK | |||
r-oldrel-macos-x86_64 | 2.3.0 | 50.00 | OK | |||
r-oldrel-windows-x86_64 | 2.3.0 | 8.00 | 85.00 | 93.00 | OK |
Version: 2.3.0
Check: CRAN incoming feasibility
Result: NOTE
Maintainer: ‘Mark Hogue <mark.hogue.chp@gmail.com>’
No Authors@R field in DESCRIPTION.
Please add one, modifying
Authors@R: person(given = "Mark",
family = "Hogue",
role = c("aut", "cre"),
email = "mark.hogue.chp@gmail.com")
as necessary.
Flavors: r-devel-linux-x86_64-debian-clang, r-devel-linux-x86_64-debian-gcc
These binaries (installable software) and packages are in development.
They may not be fully stable and should be used with caution. We make no claims about them.