Last updated on 2025-10-23 11:50:24 CEST.
Flavor | Version | Tinstall | Tcheck | Ttotal | Status | Flags |
---|---|---|---|---|---|---|
r-devel-linux-x86_64-debian-clang | 1.5.0 | 222.87 | 38.01 | 260.88 | NOTE | |
r-devel-linux-x86_64-debian-gcc | 1.5.0 | 229.84 | 29.35 | 259.19 | OK | |
r-devel-linux-x86_64-fedora-clang | 1.5.0 | 307.00 | 100.65 | 407.65 | OK | |
r-devel-linux-x86_64-fedora-gcc | 1.5.0 | 332.00 | 346.93 | 678.93 | OK | |
r-devel-windows-x86_64 | 1.5.0 | 332.00 | 104.00 | 436.00 | OK | |
r-patched-linux-x86_64 | 1.5.0 | 333.13 | 34.91 | 368.04 | OK | |
r-release-linux-x86_64 | 1.5.0 | 330.44 | 34.91 | 365.35 | OK | |
r-release-macos-arm64 | 1.5.0 | 100.00 | 25.00 | 125.00 | OK | |
r-release-macos-x86_64 | 1.5.0 | 87.00 | 42.00 | 129.00 | OK | |
r-release-windows-x86_64 | 1.5.0 | 337.00 | 112.00 | 449.00 | OK | |
r-oldrel-macos-arm64 | 1.5.0 | 107.00 | 30.00 | 137.00 | NOTE | |
r-oldrel-macos-x86_64 | 1.5.0 | 99.00 | 46.00 | 145.00 | NOTE | |
r-oldrel-windows-x86_64 | 1.5.0 | 368.00 | 134.00 | 502.00 | NOTE |
Version: 1.5.0
Check: HTML version of manual
Result: NOTE
Found the following HTML validation problems:
agg_supertransparent.html:117:1 (agg_supertransparent.Rd:55): Warning: missing </ul> before </div>
Flavor: r-devel-linux-x86_64-debian-clang
Version: 1.5.0
Check: installed package size
Result: NOTE
installed size is 49.7Mb
sub-directories of 1Mb or more:
libs 49.4Mb
Flavors: r-oldrel-macos-arm64, r-oldrel-macos-x86_64, r-oldrel-windows-x86_64
These binaries (installable software) and packages are in development.
They may not be fully stable and should be used with caution. We make no claims about them.