Last updated on 2025-11-11 15:50:44 CET.
| Flavor | Version | Tinstall | Tcheck | Ttotal | Status | Flags |
|---|---|---|---|---|---|---|
| r-devel-linux-x86_64-debian-clang | 1.0.0 | 6.79 | 60.24 | 67.03 | NOTE | |
| r-devel-linux-x86_64-debian-gcc | 1.0.0 | 4.57 | 43.43 | 48.00 | NOTE | |
| r-devel-linux-x86_64-fedora-clang | 1.0.0 | 38.00 | 72.87 | 110.87 | OK | |
| r-devel-linux-x86_64-fedora-gcc | 1.0.0 | 17.00 | 80.82 | 97.82 | OK | |
| r-devel-windows-x86_64 | 1.0.0 | 8.00 | 69.00 | 77.00 | OK | |
| r-patched-linux-x86_64 | 1.0.0 | 7.28 | 56.44 | 63.72 | OK | |
| r-release-linux-x86_64 | 1.0.0 | 5.50 | 56.25 | 61.75 | OK | |
| r-release-macos-arm64 | 1.0.0 | 3.00 | 24.00 | 27.00 | OK | |
| r-release-macos-x86_64 | 1.0.0 | 5.00 | 40.00 | 45.00 | OK | |
| r-release-windows-x86_64 | 1.0.0 | 10.00 | 69.00 | 79.00 | OK | |
| r-oldrel-macos-arm64 | 1.0.0 | 3.00 | 24.00 | 27.00 | NOTE | |
| r-oldrel-macos-x86_64 | 1.0.0 | 4.00 | 35.00 | 39.00 | NOTE | |
| r-oldrel-windows-x86_64 | 1.0.0 | 12.00 | 86.00 | 98.00 | NOTE |
Version: 1.0.0
Check: CRAN incoming feasibility
Result: NOTE
Maintainer: ‘Kory D. Johnson <korydjohnson@gmail.com>’
The Description field contains
<arXiv:1510.06322>.
Please refer to arXiv e-prints via their arXiv DOI <doi:10.48550/arXiv.YYMM.NNNNN>.
Flavors: r-devel-linux-x86_64-debian-clang, r-devel-linux-x86_64-debian-gcc
Version: 1.0.0
Check: LazyData
Result: NOTE
'LazyData' is specified without a 'data' directory
Flavors: r-oldrel-macos-arm64, r-oldrel-macos-x86_64, r-oldrel-windows-x86_64
These binaries (installable software) and packages are in development.
They may not be fully stable and should be used with caution. We make no claims about them.