CRAN Package Check Results for Package raincin

Last updated on 2025-02-16 08:50:58 CET.

Flavor Version Tinstall Tcheck Ttotal Status Flags
r-devel-linux-x86_64-debian-clang 1.0.3 9.96 69.67 79.63 OK
r-devel-linux-x86_64-debian-gcc 1.0.3 6.76 51.57 58.33 OK
r-devel-linux-x86_64-fedora-clang 1.0.3 130.12 OK
r-devel-linux-x86_64-fedora-gcc 1.0.3 116.21 OK
r-devel-macos-arm64 1.0.3 32.00 OK
r-devel-macos-x86_64 1.0.3 61.00 OK
r-devel-windows-x86_64 1.0.3 10.00 81.00 91.00 OK
r-patched-linux-x86_64 1.0.3 9.24 65.31 74.55 NOTE
r-release-linux-x86_64 1.0.3 8.16 64.95 73.11 NOTE
r-release-macos-arm64 1.0.3 38.00 NOTE
r-release-macos-x86_64 1.0.3 89.00 NOTE
r-release-windows-x86_64 1.0.3 11.00 82.00 93.00 NOTE
r-oldrel-macos-arm64 1.0.3 39.00 NOTE
r-oldrel-macos-x86_64 1.0.3 63.00 NOTE
r-oldrel-windows-x86_64 1.0.3 12.00 99.00 111.00 NOTE

Check Details

Version: 1.0.3
Check: LazyData
Result: NOTE 'LazyData' is specified without a 'data' directory Flavors: r-patched-linux-x86_64, r-release-linux-x86_64, r-release-macos-arm64, r-release-macos-x86_64, r-release-windows-x86_64, r-oldrel-macos-arm64, r-oldrel-macos-x86_64, r-oldrel-windows-x86_64

These binaries (installable software) and packages are in development.
They may not be fully stable and should be used with caution. We make no claims about them.