Last updated on 2025-10-24 05:50:52 CEST.
| Flavor | Version | Tinstall | Tcheck | Ttotal | Status | Flags |
|---|---|---|---|---|---|---|
| r-devel-linux-x86_64-debian-clang | 1.0.3 | 8.87 | 72.30 | 81.17 | OK | |
| r-devel-linux-x86_64-debian-gcc | 1.0.3 | 6.37 | 53.47 | 59.84 | OK | |
| r-devel-linux-x86_64-fedora-clang | 1.0.3 | 19.00 | 104.75 | 123.75 | OK | |
| r-devel-linux-x86_64-fedora-gcc | 1.0.3 | 21.00 | 97.92 | 118.92 | OK | |
| r-devel-windows-x86_64 | 1.0.3 | 10.00 | 79.00 | 89.00 | OK | |
| r-patched-linux-x86_64 | 1.0.3 | 9.47 | 68.25 | 77.72 | OK | |
| r-release-linux-x86_64 | 1.0.3 | 9.22 | 68.94 | 78.16 | OK | |
| r-release-macos-arm64 | 1.0.3 | 4.00 | 29.00 | 33.00 | OK | |
| r-release-macos-x86_64 | 1.0.3 | 8.00 | 70.00 | 78.00 | OK | |
| r-release-windows-x86_64 | 1.0.3 | 12.00 | 80.00 | 92.00 | OK | |
| r-oldrel-macos-arm64 | 1.0.3 | 4.00 | 34.00 | 38.00 | NOTE | |
| r-oldrel-macos-x86_64 | 1.0.3 | 10.00 | 79.00 | 89.00 | NOTE | |
| r-oldrel-windows-x86_64 | 1.0.3 | 14.00 | 99.00 | 113.00 | NOTE |
Version: 1.0.3
Check: LazyData
Result: NOTE
'LazyData' is specified without a 'data' directory
Flavors: r-oldrel-macos-arm64, r-oldrel-macos-x86_64, r-oldrel-windows-x86_64
These binaries (installable software) and packages are in development.
They may not be fully stable and should be used with caution. We make no claims about them.