CRAN Package Check Results for Package rakeR

Last updated on 2025-02-23 07:52:05 CET.

Flavor Version Tinstall Tcheck Ttotal Status Flags
r-devel-linux-x86_64-debian-clang 0.2.1 1.85 27.20 29.05 OK
r-devel-linux-x86_64-debian-gcc 0.2.1 1.38 21.94 23.32 OK
r-devel-linux-x86_64-fedora-clang 0.2.1 44.13 OK
r-devel-linux-x86_64-fedora-gcc 0.2.1 43.30 OK
r-devel-macos-arm64 0.2.1 18.00 OK
r-devel-macos-x86_64 0.2.1 32.00 OK
r-devel-windows-x86_64 0.2.1 3.00 57.00 60.00 OK
r-patched-linux-x86_64 0.2.1 1.92 25.60 27.52 NOTE
r-release-linux-x86_64 0.2.1 1.81 26.13 27.94 NOTE
r-release-macos-arm64 0.2.1 18.00 NOTE
r-release-macos-x86_64 0.2.1 26.00 NOTE
r-release-windows-x86_64 0.2.1 2.00 49.00 51.00 NOTE
r-oldrel-macos-arm64 0.2.1 22.00 NOTE
r-oldrel-macos-x86_64 0.2.1 27.00 NOTE
r-oldrel-windows-x86_64 0.2.1 3.00 53.00 56.00 NOTE

Check Details

Version: 0.2.1
Check: LazyData
Result: NOTE 'LazyData' is specified without a 'data' directory Flavors: r-patched-linux-x86_64, r-release-linux-x86_64, r-release-macos-arm64, r-release-macos-x86_64, r-release-windows-x86_64, r-oldrel-macos-arm64, r-oldrel-macos-x86_64, r-oldrel-windows-x86_64

These binaries (installable software) and packages are in development.
They may not be fully stable and should be used with caution. We make no claims about them.