Last updated on 2025-05-08 04:52:15 CEST.
Flavor | Version | Tinstall | Tcheck | Ttotal | Status | Flags |
---|---|---|---|---|---|---|
r-devel-linux-x86_64-debian-clang | 2.2.4 | 4.70 | 55.99 | 60.69 | OK | |
r-devel-linux-x86_64-debian-gcc | 2.2.4 | 3.60 | 39.76 | 43.36 | OK | |
r-devel-linux-x86_64-fedora-clang | 2.2.4 | 95.33 | OK | |||
r-devel-linux-x86_64-fedora-gcc | 2.2.4 | 107.90 | OK | |||
r-devel-windows-x86_64 | 2.2.4 | 7.00 | 76.00 | 83.00 | OK | |
r-patched-linux-x86_64 | 2.2.4 | 4.46 | 49.80 | 54.26 | OK | |
r-release-linux-x86_64 | 2.2.4 | 4.83 | 50.43 | 55.26 | OK | |
r-release-macos-arm64 | 2.2.4 | 60.00 | OK | |||
r-release-macos-x86_64 | 2.2.4 | 88.00 | OK | |||
r-release-windows-x86_64 | 2.2.4 | 8.00 | 76.00 | 84.00 | OK | |
r-oldrel-macos-arm64 | 2.2.4 | 72.00 | NOTE | |||
r-oldrel-macos-x86_64 | 2.2.4 | 83.00 | NOTE | |||
r-oldrel-windows-x86_64 | 2.2.4 | 9.00 | 89.00 | 98.00 | NOTE |
Version: 2.2.4
Check: LazyData
Result: NOTE
'LazyData' is specified without a 'data' directory
Flavors: r-oldrel-macos-arm64, r-oldrel-macos-x86_64, r-oldrel-windows-x86_64
These binaries (installable software) and packages are in development.
They may not be fully stable and should be used with caution. We make no claims about them.