CRAN Package Check Results for Package rameritrade

Last updated on 2025-11-12 11:51:24 CET.

Flavor Version Tinstall Tcheck Ttotal Status Flags
r-devel-linux-x86_64-debian-clang 0.1.5 2.19 24.12 26.31 OK
r-devel-linux-x86_64-debian-gcc 0.1.5 1.64 19.12 20.76 OK
r-devel-linux-x86_64-fedora-clang 0.1.5 11.00 28.54 39.54 OK
r-devel-linux-x86_64-fedora-gcc 0.1.5 35.22 OK
r-devel-windows-x86_64 0.1.5 4.00 44.00 48.00 OK
r-patched-linux-x86_64 0.1.5 2.11 21.92 24.03 OK
r-release-linux-x86_64 0.1.5 1.62 21.30 22.92 OK
r-release-macos-arm64 0.1.5 1.00 16.00 17.00 OK
r-release-macos-x86_64 0.1.5 2.00 26.00 28.00 OK
r-release-windows-x86_64 0.1.5 5.00 42.00 47.00 OK
r-oldrel-macos-arm64 0.1.5 1.00 15.00 16.00 NOTE
r-oldrel-macos-x86_64 0.1.5 2.00 22.00 24.00 NOTE
r-oldrel-windows-x86_64 0.1.5 6.00 49.00 55.00 NOTE

Check Details

Version: 0.1.5
Check: LazyData
Result: NOTE 'LazyData' is specified without a 'data' directory Flavors: r-oldrel-macos-arm64, r-oldrel-macos-x86_64, r-oldrel-windows-x86_64

These binaries (installable software) and packages are in development.
They may not be fully stable and should be used with caution. We make no claims about them.