Last updated on 2025-11-11 15:50:44 CET.
| Flavor | Version | Tinstall | Tcheck | Ttotal | Status | Flags |
|---|---|---|---|---|---|---|
| r-devel-linux-x86_64-debian-clang | 0.2.0 | 4.11 | 62.41 | 66.52 | OK | |
| r-devel-linux-x86_64-debian-gcc | 0.2.0 | 2.82 | 44.39 | 47.21 | OK | |
| r-devel-linux-x86_64-fedora-clang | 0.2.0 | 24.00 | 80.64 | 104.64 | OK | |
| r-devel-linux-x86_64-fedora-gcc | 0.2.0 | 10.00 | 86.29 | 96.29 | OK | |
| r-devel-windows-x86_64 | 0.2.0 | 7.00 | 79.00 | 86.00 | OK | |
| r-patched-linux-x86_64 | 0.2.0 | 4.04 | 57.43 | 61.47 | OK | |
| r-release-linux-x86_64 | 0.2.0 | 3.88 | 58.06 | 61.94 | OK | |
| r-release-macos-arm64 | 0.2.0 | 2.00 | 31.00 | 33.00 | OK | |
| r-release-macos-x86_64 | 0.2.0 | 4.00 | 55.00 | 59.00 | OK | |
| r-release-windows-x86_64 | 0.2.0 | 7.00 | 80.00 | 87.00 | OK | |
| r-oldrel-macos-arm64 | 0.2.0 | 2.00 | 30.00 | 32.00 | NOTE | |
| r-oldrel-macos-x86_64 | 0.2.0 | 3.00 | 49.00 | 52.00 | NOTE | |
| r-oldrel-windows-x86_64 | 0.2.0 | 7.00 | 96.00 | 103.00 | NOTE |
Version: 0.2.0
Check: LazyData
Result: NOTE
'LazyData' is specified without a 'data' directory
Flavors: r-oldrel-macos-arm64, r-oldrel-macos-x86_64, r-oldrel-windows-x86_64
These binaries (installable software) and packages are in development.
They may not be fully stable and should be used with caution. We make no claims about them.