CRAN Package Check Results for Package rando

Last updated on 2025-07-24 01:50:32 CEST.

Flavor Version Tinstall Tcheck Ttotal Status Flags
r-devel-linux-x86_64-debian-clang 0.2.0 4.32 60.74 65.06 OK
r-devel-linux-x86_64-debian-gcc 0.2.0 2.82 43.53 46.35 OK
r-devel-linux-x86_64-fedora-clang 0.2.0 98.90 OK
r-devel-linux-x86_64-fedora-gcc 0.2.0 93.96 OK
r-devel-windows-x86_64 0.2.0 6.00 80.00 86.00 OK
r-patched-linux-x86_64 0.2.0 4.55 56.04 60.59 OK
r-release-linux-x86_64 0.2.0 3.70 56.87 60.57 OK
r-release-macos-arm64 0.2.0 33.00 OK
r-release-macos-x86_64 0.2.0 59.00 OK
r-release-windows-x86_64 0.2.0 7.00 86.00 93.00 OK
r-oldrel-macos-arm64 0.2.0 32.00 NOTE
r-oldrel-macos-x86_64 0.2.0 52.00 NOTE
r-oldrel-windows-x86_64 0.2.0 7.00 95.00 102.00 NOTE

Check Details

Version: 0.2.0
Check: LazyData
Result: NOTE 'LazyData' is specified without a 'data' directory Flavors: r-oldrel-macos-arm64, r-oldrel-macos-x86_64, r-oldrel-windows-x86_64

These binaries (installable software) and packages are in development.
They may not be fully stable and should be used with caution. We make no claims about them.