CRAN Package Check Results for Package random.cdisc.data

Last updated on 2025-05-08 04:52:15 CEST.

Flavor Version Tinstall Tcheck Ttotal Status Flags
r-devel-linux-x86_64-debian-clang 0.3.16 13.66 179.90 193.56 OK
r-devel-linux-x86_64-debian-gcc 0.3.16 8.12 117.85 125.97 OK
r-devel-linux-x86_64-fedora-clang 0.3.16 322.79 OK
r-devel-linux-x86_64-fedora-gcc 0.3.16 332.79 OK
r-devel-windows-x86_64 0.3.16 14.00 175.00 189.00 OK
r-patched-linux-x86_64 0.3.16 13.31 169.49 182.80 OK
r-release-linux-x86_64 0.3.16 10.26 168.85 179.11 OK
r-release-macos-arm64 0.3.16 83.00 OK
r-release-macos-x86_64 0.3.16 196.00 OK
r-release-windows-x86_64 0.3.16 17.00 175.00 192.00 OK
r-oldrel-macos-arm64 0.3.16 85.00 NOTE
r-oldrel-macos-x86_64 0.3.16 157.00 NOTE
r-oldrel-windows-x86_64 0.3.16 19.00 229.00 248.00 NOTE

Check Details

Version: 0.3.16
Check: installed package size
Result: NOTE installed size is 6.0Mb sub-directories of 1Mb or more: data 5.4Mb Flavors: r-oldrel-macos-arm64, r-oldrel-macos-x86_64, r-oldrel-windows-x86_64

These binaries (installable software) and packages are in development.
They may not be fully stable and should be used with caution. We make no claims about them.