Last updated on 2025-02-16 08:50:58 CET.
Flavor | Version | Tinstall | Tcheck | Ttotal | Status | Flags |
---|---|---|---|---|---|---|
r-devel-linux-x86_64-debian-clang | 0.3.16 | 13.65 | 177.97 | 191.62 | OK | |
r-devel-linux-x86_64-debian-gcc | 0.3.16 | 7.97 | 114.23 | 122.20 | OK | |
r-devel-linux-x86_64-fedora-clang | 0.3.16 | 326.96 | OK | |||
r-devel-linux-x86_64-fedora-gcc | 0.3.16 | 303.17 | OK | |||
r-devel-macos-arm64 | 0.3.16 | 83.00 | OK | |||
r-devel-macos-x86_64 | 0.3.16 | 196.00 | OK | |||
r-devel-windows-x86_64 | 0.3.16 | 14.00 | 176.00 | 190.00 | OK | |
r-patched-linux-x86_64 | 0.3.16 | 12.68 | 166.49 | 179.17 | OK | |
r-release-linux-x86_64 | 0.3.16 | 11.92 | 166.40 | 178.32 | OK | |
r-release-macos-arm64 | 0.3.16 | 85.00 | NOTE | |||
r-release-macos-x86_64 | 0.3.16 | 157.00 | NOTE | |||
r-release-windows-x86_64 | 0.3.16 | 16.00 | 184.00 | 200.00 | NOTE | |
r-oldrel-macos-arm64 | 0.3.16 | 84.00 | NOTE | |||
r-oldrel-macos-x86_64 | 0.3.16 | 164.00 | NOTE | |||
r-oldrel-windows-x86_64 | 0.3.16 | 19.00 | 205.00 | 224.00 | NOTE |
Version: 0.3.16
Check: installed package size
Result: NOTE
installed size is 6.0Mb
sub-directories of 1Mb or more:
data 5.4Mb
Flavors: r-release-macos-arm64, r-release-macos-x86_64, r-release-windows-x86_64, r-oldrel-macos-arm64, r-oldrel-macos-x86_64, r-oldrel-windows-x86_64
These binaries (installable software) and packages are in development.
They may not be fully stable and should be used with caution. We make no claims about them.