Last updated on 2025-10-23 17:50:58 CEST.
Flavor | Version | Tinstall | Tcheck | Ttotal | Status | Flags |
---|---|---|---|---|---|---|
r-devel-linux-x86_64-debian-clang | 0.3.16 | 12.86 | 183.21 | 196.07 | NOTE | |
r-devel-linux-x86_64-debian-gcc | 0.3.16 | 9.01 | 116.08 | 125.09 | OK | |
r-devel-linux-x86_64-fedora-clang | 0.3.16 | 58.00 | 266.57 | 324.57 | OK | |
r-devel-linux-x86_64-fedora-gcc | 0.3.16 | 27.00 | 278.74 | 305.74 | OK | |
r-devel-windows-x86_64 | 0.3.16 | 14.00 | 174.00 | 188.00 | OK | |
r-patched-linux-x86_64 | 0.3.16 | 13.96 | 171.85 | 185.81 | OK | |
r-release-linux-x86_64 | 0.3.16 | 10.57 | 171.82 | 182.39 | OK | |
r-release-macos-arm64 | 0.3.16 | 6.00 | 77.00 | 83.00 | OK | |
r-release-macos-x86_64 | 0.3.16 | 11.00 | 185.00 | 196.00 | OK | |
r-release-windows-x86_64 | 0.3.16 | 15.00 | 175.00 | 190.00 | OK | |
r-oldrel-macos-arm64 | 0.3.16 | 7.00 | 78.00 | 85.00 | NOTE | |
r-oldrel-macos-x86_64 | 0.3.16 | 11.00 | 146.00 | 157.00 | NOTE | |
r-oldrel-windows-x86_64 | 0.3.16 | 19.00 | 232.00 | 251.00 | NOTE |
Version: 0.3.16
Check: HTML version of manual
Result: NOTE
Found the following HTML validation problems:
argument_convention.html:100:1 (argument_convention.Rd:37): Warning: missing </ul> before </div>
Flavor: r-devel-linux-x86_64-debian-clang
Version: 0.3.16
Check: installed package size
Result: NOTE
installed size is 6.0Mb
sub-directories of 1Mb or more:
data 5.4Mb
Flavors: r-oldrel-macos-arm64, r-oldrel-macos-x86_64, r-oldrel-windows-x86_64
These binaries (installable software) and packages are in development.
They may not be fully stable and should be used with caution. We make no claims about them.