Last updated on 2025-07-25 01:49:36 CEST.
Flavor | Version | Tinstall | Tcheck | Ttotal | Status | Flags |
---|---|---|---|---|---|---|
r-devel-linux-x86_64-debian-clang | 0.10.1 | 7.29 | 229.45 | 236.74 | OK | |
r-devel-linux-x86_64-debian-gcc | 0.10.1 | 5.20 | 152.91 | 158.11 | OK | |
r-devel-linux-x86_64-fedora-clang | 0.10.1 | 364.99 | OK | |||
r-devel-linux-x86_64-fedora-gcc | 0.10.1 | 364.06 | OK | |||
r-devel-windows-x86_64 | 0.10.1 | 10.00 | 214.00 | 224.00 | OK | |
r-patched-linux-x86_64 | 0.10.1 | 8.04 | 218.26 | 226.30 | OK | |
r-release-linux-x86_64 | 0.10.1 | 7.69 | 217.26 | 224.95 | OK | |
r-release-macos-arm64 | 0.10.1 | 96.00 | OK | |||
r-release-macos-x86_64 | 0.10.1 | 259.00 | OK | |||
r-release-windows-x86_64 | 0.10.1 | 9.00 | 199.00 | 208.00 | OK | |
r-oldrel-macos-arm64 | 0.10.1 | 93.00 | NOTE | |||
r-oldrel-macos-x86_64 | 0.10.1 | 171.00 | NOTE | |||
r-oldrel-windows-x86_64 | 0.10.1 | 12.00 | 267.00 | 279.00 | NOTE |
Version: 0.10.1
Check: LazyData
Result: NOTE
'LazyData' is specified without a 'data' directory
Flavors: r-oldrel-macos-arm64, r-oldrel-macos-x86_64, r-oldrel-windows-x86_64
These binaries (installable software) and packages are in development.
They may not be fully stable and should be used with caution. We make no claims about them.