CRAN Package Check Results for Package randomGLM

Last updated on 2025-05-02 06:49:43 CEST.

Flavor Version Tinstall Tcheck Ttotal Status Flags
r-devel-linux-x86_64-debian-clang 1.10-1 11.69 104.75 116.44 NOTE
r-devel-linux-x86_64-debian-gcc 1.10-1 6.98 73.47 80.45 NOTE
r-devel-linux-x86_64-fedora-clang 1.10-1 186.33 OK
r-devel-linux-x86_64-fedora-gcc 1.10-1 160.26 OK
r-devel-windows-x86_64 1.10-1 13.00 122.00 135.00 OK
r-patched-linux-x86_64 1.10-1 12.56 99.17 111.73 OK
r-release-linux-x86_64 OK
r-release-macos-arm64 1.10-1 49.00 OK
r-release-macos-x86_64 1.10-1 106.00 OK
r-release-windows-x86_64 1.10-1 14.00 117.00 131.00 OK
r-oldrel-macos-arm64 1.10-1 51.00 OK
r-oldrel-macos-x86_64 1.10-1 71.00 OK
r-oldrel-windows-x86_64 1.10-1 17.00 135.00 152.00 OK

Check Details

Version: 1.10-1
Check: CRAN incoming feasibility
Result: NOTE Maintainer: ‘Peter Langfelder <peter.langfelder@gmail.com>’ No Authors@R field in DESCRIPTION. Please add one, modifying Authors@R: c(person(given = "Lin", family = "Song", role = "aut"), person(given = "Peter", family = "Langfelder", role = c("aut", "cre"), email = "peter.langfelder@gmail.com")) as necessary. Flavors: r-devel-linux-x86_64-debian-clang, r-devel-linux-x86_64-debian-gcc

Version: 1.10-1
Check: examples
Result: NOTE Examples with CPU (user + system) or elapsed time > 5s user system elapsed predict.randomGLM 3.164 0.027 5.309 Flavor: r-devel-linux-x86_64-debian-clang

These binaries (installable software) and packages are in development.
They may not be fully stable and should be used with caution. We make no claims about them.