Last updated on 2025-11-16 03:50:07 CET.
| Flavor | Version | Tinstall | Tcheck | Ttotal | Status | Flags |
|---|---|---|---|---|---|---|
| r-devel-linux-x86_64-debian-clang | 1.1.6 | 24.95 | 126.37 | 151.32 | NOTE | |
| r-devel-linux-x86_64-debian-gcc | 1.1.6 | 16.35 | 87.35 | 103.70 | NOTE | |
| r-devel-linux-x86_64-fedora-clang | 1.1.6 | 84.00 | 162.11 | 246.11 | OK | |
| r-devel-linux-x86_64-fedora-gcc | 1.1.6 | 62.00 | 180.67 | 242.67 | OK | |
| r-devel-windows-x86_64 | 1.1.6 | 36.00 | 151.00 | 187.00 | OK | |
| r-patched-linux-x86_64 | 1.1.6 | 26.43 | 120.33 | 146.76 | OK | |
| r-release-linux-x86_64 | 1.1.6 | 24.99 | 121.02 | 146.01 | OK | |
| r-release-macos-arm64 | 1.1.6 | 11.00 | 53.00 | 64.00 | OK | |
| r-release-macos-x86_64 | 1.1.6 | 22.00 | 108.00 | 130.00 | OK | |
| r-release-windows-x86_64 | 1.1.6 | 29.00 | 150.00 | 179.00 | OK | |
| r-oldrel-macos-arm64 | 1.1.6 | 12.00 | 51.00 | 63.00 | OK | |
| r-oldrel-macos-x86_64 | 1.1.6 | 21.00 | 88.00 | 109.00 | OK | |
| r-oldrel-windows-x86_64 | 1.1.6 | 39.00 | 188.00 | 227.00 | OK |
Version: 1.1.6
Check: CRAN incoming feasibility
Result: NOTE
Maintainer: ‘Saip Ciss <saip.ciss@wanadoo.fr>’
No Authors@R field in DESCRIPTION.
Please add one, modifying
Authors@R: person(given = "Saip",
family = "Ciss",
role = c("aut", "cre"),
email = "saip.ciss@wanadoo.fr")
as necessary.
Flavors: r-devel-linux-x86_64-debian-clang, r-devel-linux-x86_64-debian-gcc
These binaries (installable software) and packages are in development.
They may not be fully stable and should be used with caution. We make no claims about them.