CRAN Package Check Results for Package randomcoloR

Last updated on 2025-11-13 03:51:13 CET.

Flavor Version Tinstall Tcheck Ttotal Status Flags
r-devel-linux-x86_64-debian-clang 1.1.0.1 4.40 43.41 47.81 NOTE
r-devel-linux-x86_64-debian-gcc 1.1.0.1 3.55 34.73 38.28 NOTE
r-devel-linux-x86_64-fedora-clang 1.1.0.1 13.00 62.57 75.57 OK
r-devel-linux-x86_64-fedora-gcc 1.1.0.1 10.00 60.26 70.26 OK
r-devel-windows-x86_64 1.1.0.1 6.00 61.00 67.00 OK
r-patched-linux-x86_64 1.1.0.1 5.02 41.28 46.30 OK
r-release-linux-x86_64 1.1.0.1 4.72 41.23 45.95 OK
r-release-macos-arm64 1.1.0.1 2.00 27.00 29.00 OK
r-release-macos-x86_64 1.1.0.1 4.00 42.00 46.00 OK
r-release-windows-x86_64 1.1.0.1 6.00 61.00 67.00 OK
r-oldrel-macos-arm64 1.1.0.1 1.00 19.00 20.00 NOTE
r-oldrel-macos-x86_64 1.1.0.1 3.00 29.00 32.00 NOTE
r-oldrel-windows-x86_64 1.1.0.1 7.00 70.00 77.00 NOTE

Check Details

Version: 1.1.0.1
Check: CRAN incoming feasibility
Result: NOTE Maintainer: ‘Ron Ammar <ron.ammar@gmail.com>’ No Authors@R field in DESCRIPTION. Please add one, modifying Authors@R: person(given = "Ron", family = "Ammar", role = c("aut", "cre"), email = "ron.ammar@gmail.com") as necessary. Flavors: r-devel-linux-x86_64-debian-clang, r-devel-linux-x86_64-debian-gcc

Version: 1.1.0.1
Check: LazyData
Result: NOTE 'LazyData' is specified without a 'data' directory Flavors: r-oldrel-macos-arm64, r-oldrel-macos-x86_64, r-oldrel-windows-x86_64

These binaries (installable software) and packages are in development.
They may not be fully stable and should be used with caution. We make no claims about them.