CRAN Package Check Results for Package randomizationInference

Last updated on 2025-05-02 04:49:44 CEST.

Flavor Version Tinstall Tcheck Ttotal Status Flags
r-devel-linux-x86_64-debian-clang 1.0.4 2.08 24.37 26.45 NOTE
r-devel-linux-x86_64-debian-gcc 1.0.4 1.56 18.97 20.53 NOTE
r-devel-linux-x86_64-fedora-clang 1.0.4 44.28 OK
r-devel-linux-x86_64-fedora-gcc 1.0.4 38.77 OK
r-devel-windows-x86_64 1.0.4 4.00 56.00 60.00 OK
r-patched-linux-x86_64 1.0.4 2.35 23.32 25.67 OK
r-release-linux-x86_64 OK
r-release-macos-arm64 1.0.4 16.00 OK
r-release-macos-x86_64 1.0.4 28.00 OK
r-release-windows-x86_64 1.0.4 4.00 55.00 59.00 OK
r-oldrel-macos-arm64 1.0.4 18.00 OK
r-oldrel-macos-x86_64 1.0.4 23.00 OK
r-oldrel-windows-x86_64 1.0.4 3.00 50.00 53.00 OK

Check Details

Version: 1.0.4
Check: CRAN incoming feasibility
Result: NOTE Maintainer: ‘Joseph J. Lee <joseph.j.lee@post.harvard.edu>’ No Authors@R field in DESCRIPTION. Please add one, modifying Authors@R: c(person(given = c("Joseph", "J."), family = "Lee", role = c("aut", "cre"), email = "joseph.j.lee@post.harvard.edu"), person(given = "Tirthankar", family = "Dasgupta", role = "aut")) as necessary. Flavors: r-devel-linux-x86_64-debian-clang, r-devel-linux-x86_64-debian-gcc

These binaries (installable software) and packages are in development.
They may not be fully stable and should be used with caution. We make no claims about them.