Last updated on 2025-05-01 12:49:38 CEST.
Flavor | Version | Tinstall | Tcheck | Ttotal | Status | Flags |
---|---|---|---|---|---|---|
r-devel-linux-x86_64-debian-clang | 3.0.2 | 27.91 | 168.23 | 196.14 | NOTE | |
r-devel-linux-x86_64-debian-gcc | 3.0.2 | 18.29 | 112.17 | 130.46 | NOTE | |
r-devel-linux-x86_64-fedora-clang | 3.0.2 | 318.41 | NOTE | |||
r-devel-linux-x86_64-fedora-gcc | 3.0.2 | 303.17 | NOTE | |||
r-devel-windows-x86_64 | 3.0.2 | 30.00 | 174.00 | 204.00 | NOTE | |
r-patched-linux-x86_64 | 3.0.2 | 31.41 | 151.81 | 183.22 | NOTE | |
r-release-linux-x86_64 | NOTE | |||||
r-release-macos-arm64 | 3.0.2 | 74.00 | NOTE | |||
r-release-macos-x86_64 | 3.0.2 | 162.00 | NOTE | |||
r-release-windows-x86_64 | 3.0.2 | 29.00 | 172.00 | 201.00 | NOTE | |
r-oldrel-macos-arm64 | 3.0.2 | 74.00 | NOTE | |||
r-oldrel-macos-x86_64 | 3.0.2 | 121.00 | NOTE | |||
r-oldrel-windows-x86_64 | 3.0.2 | 42.00 | 216.00 | 258.00 | NOTE |
Version: 3.0.2
Check: Rd files
Result: NOTE
checkRd: (-1) makeDesignMatrix.Rd:16: Lost braces; missing escapes or markup?
16 | is randomized to a certain treatment {j}, the entry of \code{(i,j)} of the
| ^
Flavors: r-devel-linux-x86_64-debian-clang, r-devel-linux-x86_64-debian-gcc, r-devel-linux-x86_64-fedora-clang, r-devel-linux-x86_64-fedora-gcc, r-devel-windows-x86_64, r-patched-linux-x86_64, r-release-linux-x86_64, r-release-macos-arm64, r-release-macos-x86_64, r-release-windows-x86_64, r-oldrel-macos-arm64, r-oldrel-macos-x86_64, r-oldrel-windows-x86_64
These binaries (installable software) and packages are in development.
They may not be fully stable and should be used with caution. We make no claims about them.