Last updated on 2025-02-16 08:50:58 CET.
Flavor | Version | Tinstall | Tcheck | Ttotal | Status | Flags |
---|---|---|---|---|---|---|
r-devel-linux-x86_64-debian-clang | 3.0.2 | 28.78 | 151.65 | 180.43 | NOTE | |
r-devel-linux-x86_64-debian-gcc | 3.0.2 | 16.18 | 108.40 | 124.58 | NOTE | |
r-devel-linux-x86_64-fedora-clang | 3.0.2 | 321.88 | NOTE | |||
r-devel-linux-x86_64-fedora-gcc | 3.0.2 | 288.22 | NOTE | |||
r-devel-macos-arm64 | 3.0.2 | 77.00 | NOTE | |||
r-devel-macos-x86_64 | 3.0.2 | 162.00 | NOTE | |||
r-devel-windows-x86_64 | 3.0.2 | 30.00 | 171.00 | 201.00 | NOTE | |
r-patched-linux-x86_64 | 3.0.2 | 28.69 | 140.84 | 169.53 | NOTE | |
r-release-linux-x86_64 | 3.0.2 | 28.20 | 141.80 | 170.00 | NOTE | |
r-release-macos-arm64 | 3.0.2 | 74.00 | NOTE | |||
r-release-macos-x86_64 | 3.0.2 | 121.00 | NOTE | |||
r-release-windows-x86_64 | 3.0.2 | 34.00 | 167.00 | 201.00 | NOTE | |
r-oldrel-macos-arm64 | 3.0.2 | 78.00 | OK | |||
r-oldrel-macos-x86_64 | 3.0.2 | 192.00 | OK | |||
r-oldrel-windows-x86_64 | 3.0.2 | 40.00 | 235.00 | 275.00 | OK |
Version: 3.0.2
Check: Rd files
Result: NOTE
checkRd: (-1) makeDesignMatrix.Rd:16: Lost braces; missing escapes or markup?
16 | is randomized to a certain treatment {j}, the entry of \code{(i,j)} of the
| ^
Flavors: r-devel-linux-x86_64-debian-clang, r-devel-linux-x86_64-debian-gcc, r-devel-linux-x86_64-fedora-clang, r-devel-linux-x86_64-fedora-gcc, r-devel-macos-arm64, r-devel-macos-x86_64, r-devel-windows-x86_64, r-patched-linux-x86_64, r-release-linux-x86_64, r-release-macos-arm64, r-release-macos-x86_64, r-release-windows-x86_64
These binaries (installable software) and packages are in development.
They may not be fully stable and should be used with caution. We make no claims about them.