Last updated on 2024-07-27 15:50:30 CEST.
Flavor | Version | Tinstall | Tcheck | Ttotal | Status | Flags |
---|---|---|---|---|---|---|
r-devel-linux-x86_64-debian-clang | 0.3.0 | 5.74 | 69.70 | 75.44 | OK | |
r-devel-linux-x86_64-debian-gcc | 0.3.0 | OK | ||||
r-devel-linux-x86_64-fedora-clang | 0.3.0 | 93.13 | NOTE | |||
r-devel-linux-x86_64-fedora-gcc | 0.3.0 | 101.44 | OK | |||
r-devel-windows-x86_64 | 0.3.0 | 9.00 | 82.00 | 91.00 | OK | |
r-patched-linux-x86_64 | 0.3.0 | OK | ||||
r-release-linux-x86_64 | 0.3.0 | 4.02 | 67.46 | 71.48 | OK | |
r-release-macos-arm64 | 0.3.0 | 51.00 | OK | |||
r-release-macos-x86_64 | 0.3.0 | 73.00 | OK | |||
r-release-windows-x86_64 | 0.3.0 | 6.00 | 82.00 | 88.00 | OK | |
r-oldrel-macos-arm64 | 0.3.0 | 143.00 | OK | |||
r-oldrel-macos-x86_64 | 0.3.0 | 101.00 | OK | |||
r-oldrel-windows-x86_64 | 0.3.0 | 8.00 | 90.00 | 98.00 | OK |
Version: 0.3.0
Check: Rd cross-references
Result: NOTE
Undeclared package ‘igraph’ in Rd xrefs
Flavor: r-devel-linux-x86_64-fedora-clang
These binaries (installable software) and packages are in development.
They may not be fully stable and should be used with caution. We make no claims about them.