Last updated on 2025-07-05 19:50:42 CEST.
Flavor | Version | Tinstall | Tcheck | Ttotal | Status | Flags |
---|---|---|---|---|---|---|
r-devel-linux-x86_64-debian-clang | 0.1.1 | 9.79 | 72.12 | 81.91 | NOTE | |
r-devel-linux-x86_64-debian-gcc | 0.1.1 | 6.39 | 52.95 | 59.34 | NOTE | |
r-devel-linux-x86_64-fedora-clang | 0.1.1 | 125.27 | OK | |||
r-devel-linux-x86_64-fedora-gcc | 0.1.1 | 118.95 | OK | |||
r-devel-windows-x86_64 | 0.1.1 | 10.00 | 79.00 | 89.00 | OK | |
r-patched-linux-x86_64 | 0.1.1 | 9.10 | 69.46 | 78.56 | OK | |
r-release-linux-x86_64 | 0.1.1 | 8.83 | 68.10 | 76.93 | OK | |
r-release-macos-arm64 | 0.1.1 | 41.00 | OK | |||
r-release-macos-x86_64 | 0.1.1 | 79.00 | OK | |||
r-release-windows-x86_64 | 0.1.1 | 10.00 | 83.00 | 93.00 | OK | |
r-oldrel-macos-arm64 | 0.1.1 | 36.00 | OK | |||
r-oldrel-macos-x86_64 | 0.1.1 | 92.00 | OK | |||
r-oldrel-windows-x86_64 | 0.1.1 | 13.00 | 98.00 | 111.00 | OK |
Version: 0.1.1
Check: CRAN incoming feasibility
Result: NOTE
Maintainer: ‘Frank Konietschke <frank.konietschke@charite.de>’
No Authors@R field in DESCRIPTION.
Please add one, modifying
Authors@R: c(person(given = "Frank",
family = "Konietschke",
role = c("aut", "cre"),
email = "frank.konietschke@charite.de"),
person(given = "Sarah",
family = "Friedrich",
role = "aut"),
person(given = "Edgar",
family = "Brunner",
role = "aut"),
person(given = "Markus",
family = "Pauly",
role = "aut"))
as necessary.
Flavors: r-devel-linux-x86_64-debian-clang, r-devel-linux-x86_64-debian-gcc
These binaries (installable software) and packages are in development.
They may not be fully stable and should be used with caution. We make no claims about them.