Last updated on 2025-05-01 12:49:38 CEST.
Flavor | Version | Tinstall | Tcheck | Ttotal | Status | Flags |
---|---|---|---|---|---|---|
r-devel-linux-x86_64-debian-clang | 0.1.1 | 7.46 | 72.17 | 79.63 | NOTE | |
r-devel-linux-x86_64-debian-gcc | 0.1.1 | 6.87 | 52.74 | 59.61 | NOTE | |
r-devel-linux-x86_64-fedora-clang | 0.1.1 | 140.28 | OK | |||
r-devel-linux-x86_64-fedora-gcc | 0.1.1 | 118.11 | OK | |||
r-devel-windows-x86_64 | 0.1.1 | 10.00 | 85.00 | 95.00 | OK | |
r-patched-linux-x86_64 | 0.1.1 | 7.68 | 68.54 | 76.22 | OK | |
r-release-linux-x86_64 | OK | |||||
r-release-macos-arm64 | 0.1.1 | 41.00 | OK | |||
r-release-macos-x86_64 | 0.1.1 | 79.00 | OK | |||
r-release-windows-x86_64 | 0.1.1 | 10.00 | 86.00 | 96.00 | OK | |
r-oldrel-macos-arm64 | 0.1.1 | 36.00 | OK | |||
r-oldrel-macos-x86_64 | 0.1.1 | 92.00 | OK | |||
r-oldrel-windows-x86_64 | 0.1.1 | 13.00 | 96.00 | 109.00 | OK |
Version: 0.1.1
Check: CRAN incoming feasibility
Result: NOTE
Maintainer: ‘Frank Konietschke <frank.konietschke@charite.de>’
No Authors@R field in DESCRIPTION.
Please add one, modifying
Authors@R: c(person(given = "Frank",
family = "Konietschke",
role = c("aut", "cre"),
email = "frank.konietschke@charite.de"),
person(given = "Sarah",
family = "Friedrich",
role = "aut"),
person(given = "Edgar",
family = "Brunner",
role = "aut"),
person(given = "Markus",
family = "Pauly",
role = "aut"))
as necessary.
Flavors: r-devel-linux-x86_64-debian-clang, r-devel-linux-x86_64-debian-gcc
These binaries (installable software) and packages are in development.
They may not be fully stable and should be used with caution. We make no claims about them.