CRAN Package Check Results for Package rankdist

Last updated on 2025-11-13 01:50:31 CET.

Flavor Version Tinstall Tcheck Ttotal Status Flags
r-devel-linux-x86_64-debian-clang 1.1.4 15.37 34.53 49.90 NOTE
r-devel-linux-x86_64-debian-gcc 1.1.4 9.68 26.44 36.12 NOTE
r-devel-linux-x86_64-fedora-clang 1.1.4 38.00 41.12 79.12 OK
r-devel-linux-x86_64-fedora-gcc 1.1.4 35.00 39.73 74.73 OK
r-devel-windows-x86_64 1.1.4 16.00 69.00 85.00 OK
r-patched-linux-x86_64 1.1.4 15.35 32.37 47.72 OK
r-release-linux-x86_64 1.1.4 15.08 32.57 47.65 OK
r-release-macos-arm64 1.1.4 7.00 21.00 28.00 OK
r-release-macos-x86_64 1.1.4 10.00 31.00 41.00 OK
r-release-windows-x86_64 1.1.4 17.00 69.00 86.00 OK
r-oldrel-macos-arm64 1.1.4 7.00 20.00 27.00 OK
r-oldrel-macos-x86_64 1.1.4 12.00 34.00 46.00 OK
r-oldrel-windows-x86_64 1.1.4 23.00 84.00 107.00 OK

Check Details

Version: 1.1.4
Check: CRAN incoming feasibility
Result: NOTE Maintainer: ‘Zhaozhi Qian <qianzhaozhi@connect.hku.hk>’ No Authors@R field in DESCRIPTION. Please add one, modifying Authors@R: person(given = "Zhaozhi", family = "Qian", role = c("aut", "cre"), email = "qianzhaozhi@connect.hku.hk") as necessary. Flavors: r-devel-linux-x86_64-debian-clang, r-devel-linux-x86_64-debian-gcc

These binaries (installable software) and packages are in development.
They may not be fully stable and should be used with caution. We make no claims about them.