Last updated on 2025-10-24 17:50:51 CEST.
| Flavor | Version | Tinstall | Tcheck | Ttotal | Status | Flags |
|---|---|---|---|---|---|---|
| r-devel-linux-x86_64-debian-clang | 0.3.3 | 2.14 | 22.91 | 25.05 | NOTE | |
| r-devel-linux-x86_64-debian-gcc | 0.3.3 | 2.03 | 18.80 | 20.83 | NOTE | |
| r-devel-linux-x86_64-fedora-clang | 0.3.3 | 36.06 | NOTE | |||
| r-devel-linux-x86_64-fedora-gcc | 0.3.3 | 34.33 | NOTE | |||
| r-devel-windows-x86_64 | 0.3.3 | 9.00 | 42.00 | 51.00 | NOTE | |
| r-patched-linux-x86_64 | 0.3.3 | 2.09 | 20.57 | 22.66 | NOTE | |
| r-release-linux-x86_64 | 0.3.3 | 1.51 | 20.61 | 22.12 | NOTE | |
| r-release-macos-arm64 | 0.3.3 | 2.00 | 15.00 | 17.00 | NOTE | |
| r-release-macos-x86_64 | 0.3.3 | 5.00 | 24.00 | 29.00 | NOTE | |
| r-release-windows-x86_64 | 0.3.3 | 10.00 | 43.00 | 53.00 | NOTE | |
| r-oldrel-macos-arm64 | 0.3.3 | 3.00 | 20.00 | 23.00 | NOTE | |
| r-oldrel-macos-x86_64 | 0.3.3 | 3.00 | 21.00 | 24.00 | NOTE | |
| r-oldrel-windows-x86_64 | 0.3.3 | 8.00 | 48.00 | 56.00 | NOTE |
Version: 0.3.3
Check: Rd files
Result: NOTE
checkRd: (-1) user_log_dir.Rd:48: Lost braces
48 | \\env{$XDG_CACHE_HOME} if defined
| ^
Flavors: r-devel-linux-x86_64-debian-clang, r-devel-linux-x86_64-debian-gcc, r-devel-linux-x86_64-fedora-clang, r-devel-linux-x86_64-fedora-gcc, r-devel-windows-x86_64, r-patched-linux-x86_64, r-release-linux-x86_64, r-release-macos-arm64, r-release-macos-x86_64, r-release-windows-x86_64, r-oldrel-macos-arm64, r-oldrel-macos-x86_64, r-oldrel-windows-x86_64
These binaries (installable software) and packages are in development.
They may not be fully stable and should be used with caution. We make no claims about them.