Last updated on 2025-07-02 03:50:49 CEST.
Flavor | Version | Tinstall | Tcheck | Ttotal | Status | Flags |
---|---|---|---|---|---|---|
r-devel-linux-x86_64-debian-clang | 0.2.0 | 4.86 | 44.48 | 49.34 | OK | |
r-devel-linux-x86_64-debian-gcc | 0.2.0 | 3.49 | 33.95 | 37.44 | OK | |
r-devel-linux-x86_64-fedora-clang | 0.2.0 | 78.79 | OK | |||
r-devel-linux-x86_64-fedora-gcc | 0.2.0 | 85.83 | OK | |||
r-devel-windows-x86_64 | 0.2.0 | 6.00 | 69.00 | 75.00 | OK | |
r-patched-linux-x86_64 | OK | |||||
r-release-linux-x86_64 | 0.2.0 | 4.73 | 42.13 | 46.86 | OK | |
r-release-macos-arm64 | 0.2.0 | 40.00 | OK | |||
r-release-macos-x86_64 | 0.2.0 | 62.00 | OK | |||
r-release-windows-x86_64 | 0.2.0 | 7.00 | 62.00 | 69.00 | OK | |
r-oldrel-macos-arm64 | 0.2.0 | 38.00 | NOTE | |||
r-oldrel-macos-x86_64 | 0.2.0 | 54.00 | NOTE | |||
r-oldrel-windows-x86_64 | 0.2.0 | 9.00 | 76.00 | 85.00 | NOTE |
Version: 0.2.0
Check: LazyData
Result: NOTE
'LazyData' is specified without a 'data' directory
Flavors: r-oldrel-macos-arm64, r-oldrel-macos-x86_64, r-oldrel-windows-x86_64
These binaries (installable software) and packages are in development.
They may not be fully stable and should be used with caution. We make no claims about them.