Last updated on 2025-11-15 03:50:24 CET.
| Flavor | Version | Tinstall | Tcheck | Ttotal | Status | Flags |
|---|---|---|---|---|---|---|
| r-devel-linux-x86_64-debian-clang | 1.0.1 | 143.90 | 322.30 | 466.20 | OK | |
| r-devel-linux-x86_64-debian-gcc | 1.0.1 | 99.79 | 207.43 | 307.22 | OK | |
| r-devel-linux-x86_64-fedora-clang | 1.0.1 | 298.00 | 428.80 | 726.80 | OK | |
| r-devel-linux-x86_64-fedora-gcc | 1.0.1 | 253.00 | 470.35 | 723.35 | OK | |
| r-devel-windows-x86_64 | 1.0.1 | 158.00 | 311.00 | 469.00 | OK | |
| r-patched-linux-x86_64 | 1.0.1 | 139.63 | 314.83 | 454.46 | OK | |
| r-release-linux-x86_64 | 1.0.1 | 140.26 | 313.09 | 453.35 | OK | |
| r-release-macos-arm64 | 1.0.1 | 52.00 | 130.00 | 182.00 | OK | |
| r-release-macos-x86_64 | 1.0.1 | 65.00 | 264.00 | 329.00 | OK | |
| r-release-windows-x86_64 | 1.0.1 | 157.00 | 303.00 | 460.00 | OK | |
| r-oldrel-macos-arm64 | 1.0.1 | 61.00 | 123.00 | 184.00 | NOTE | |
| r-oldrel-macos-x86_64 | 1.0.1 | 55.00 | 195.00 | 250.00 | NOTE | |
| r-oldrel-windows-x86_64 | 1.0.1 | 197.00 | 405.00 | 602.00 | NOTE |
Version: 1.0.1
Check: package dependencies
Result: NOTE
Package suggested but not available for checking: ‘gurobi’
Flavors: r-oldrel-macos-arm64, r-oldrel-macos-x86_64, r-oldrel-windows-x86_64
Version: 1.0.1
Check: installed package size
Result: NOTE
installed size is 16.3Mb
sub-directories of 1Mb or more:
doc 1.7Mb
extdata 4.1Mb
libs 9.6Mb
Flavors: r-oldrel-macos-arm64, r-oldrel-macos-x86_64, r-oldrel-windows-x86_64
These binaries (installable software) and packages are in development.
They may not be fully stable and should be used with caution. We make no claims about them.