Last updated on 2025-07-22 13:49:21 CEST.
Flavor | Version | Tinstall | Tcheck | Ttotal | Status | Flags |
---|---|---|---|---|---|---|
r-devel-linux-x86_64-debian-clang | 1.0.1 | 147.95 | 323.95 | 471.90 | OK | |
r-devel-linux-x86_64-debian-gcc | 1.0.1 | 107.05 | 212.55 | 319.60 | OK | |
r-devel-linux-x86_64-fedora-clang | 1.0.1 | 730.27 | OK | |||
r-devel-linux-x86_64-fedora-gcc | 1.0.1 | 706.65 | OK | |||
r-devel-windows-x86_64 | 1.0.1 | 156.00 | 306.00 | 462.00 | OK | |
r-patched-linux-x86_64 | 1.0.1 | 138.40 | 309.69 | 448.09 | OK | |
r-release-linux-x86_64 | 1.0.1 | 141.35 | 309.58 | 450.93 | OK | |
r-release-macos-arm64 | 1.0.1 | 182.00 | OK | |||
r-release-macos-x86_64 | 1.0.1 | 329.00 | OK | |||
r-release-windows-x86_64 | 1.0.1 | 152.00 | 305.00 | 457.00 | OK | |
r-oldrel-macos-arm64 | 1.0.1 | 184.00 | NOTE | |||
r-oldrel-macos-x86_64 | 1.0.1 | 250.00 | NOTE | |||
r-oldrel-windows-x86_64 | 1.0.1 | 190.00 | 409.00 | 599.00 | NOTE |
Version: 1.0.1
Check: package dependencies
Result: NOTE
Package suggested but not available for checking: ‘gurobi’
Flavors: r-oldrel-macos-arm64, r-oldrel-macos-x86_64, r-oldrel-windows-x86_64
Version: 1.0.1
Check: installed package size
Result: NOTE
installed size is 16.3Mb
sub-directories of 1Mb or more:
doc 1.7Mb
extdata 4.1Mb
libs 9.6Mb
Flavors: r-oldrel-macos-arm64, r-oldrel-macos-x86_64, r-oldrel-windows-x86_64
These binaries (installable software) and packages are in development.
They may not be fully stable and should be used with caution. We make no claims about them.