Last updated on 2025-10-03 17:48:43 CEST.
Flavor | Version | Tinstall | Tcheck | Ttotal | Status | Flags |
---|---|---|---|---|---|---|
r-devel-linux-x86_64-debian-clang | 1.0.1 | 152.64 | 328.08 | 480.72 | OK | |
r-devel-linux-x86_64-debian-gcc | 1.0.1 | 100.23 | 213.81 | 314.04 | OK | |
r-devel-linux-x86_64-fedora-clang | 1.0.1 | 713.69 | OK | |||
r-devel-linux-x86_64-fedora-gcc | 1.0.1 | 721.39 | OK | |||
r-devel-windows-x86_64 | 1.0.1 | 155.00 | 310.00 | 465.00 | OK | |
r-patched-linux-x86_64 | 1.0.1 | 148.25 | 310.61 | 458.86 | OK | |
r-release-linux-x86_64 | 1.0.1 | 145.65 | 310.82 | 456.47 | OK | |
r-release-macos-arm64 | 1.0.1 | 182.00 | OK | |||
r-release-macos-x86_64 | 1.0.1 | 329.00 | OK | |||
r-release-windows-x86_64 | 1.0.1 | 156.00 | 304.00 | 460.00 | OK | |
r-oldrel-macos-arm64 | 1.0.1 | 184.00 | NOTE | |||
r-oldrel-macos-x86_64 | 1.0.1 | 250.00 | NOTE | |||
r-oldrel-windows-x86_64 | 1.0.1 | 191.00 | 423.00 | 614.00 | NOTE |
Version: 1.0.1
Check: package dependencies
Result: NOTE
Package suggested but not available for checking: ‘gurobi’
Flavors: r-oldrel-macos-arm64, r-oldrel-macos-x86_64, r-oldrel-windows-x86_64
Version: 1.0.1
Check: installed package size
Result: NOTE
installed size is 16.3Mb
sub-directories of 1Mb or more:
doc 1.7Mb
extdata 4.1Mb
libs 9.6Mb
Flavors: r-oldrel-macos-arm64, r-oldrel-macos-x86_64, r-oldrel-windows-x86_64
These binaries (installable software) and packages are in development.
They may not be fully stable and should be used with caution. We make no claims about them.