Last updated on 2024-07-27 15:50:30 CEST.
Flavor | Version | Tinstall | Tcheck | Ttotal | Status | Flags |
---|---|---|---|---|---|---|
r-devel-linux-x86_64-debian-clang | 0.0.3 | 64.36 | 53.37 | 117.73 | NOTE | |
r-devel-linux-x86_64-debian-gcc | 0.0.3 | NOTE | ||||
r-devel-linux-x86_64-fedora-clang | 0.0.3 | 180.39 | NOTE | |||
r-devel-linux-x86_64-fedora-gcc | 0.0.3 | 185.37 | NOTE | |||
r-devel-windows-x86_64 | 0.0.3 | 66.00 | 81.00 | 147.00 | NOTE | |
r-patched-linux-x86_64 | 0.0.3 | OK | ||||
r-release-linux-x86_64 | 0.0.3 | 45.07 | 55.97 | 101.04 | OK | |
r-release-macos-arm64 | 0.0.3 | 47.00 | NOTE | |||
r-release-macos-x86_64 | 0.0.3 | 56.00 | NOTE | |||
r-release-windows-x86_64 | 0.0.3 | 60.00 | 84.00 | 144.00 | OK | |
r-oldrel-macos-arm64 | 0.0.3 | 50.00 | NOTE | |||
r-oldrel-macos-x86_64 | 0.0.3 | 71.00 | NOTE | |||
r-oldrel-windows-x86_64 | 0.0.3 | 75.00 | 100.00 | 175.00 | OK |
Version: 0.0.3
Check: compiled code
Result: NOTE
File ‘rar/libs/rar.so’:
Found non-API calls to R: ‘SETLENGTH’, ‘SET_GROWABLE_BIT’,
‘SET_TRUELENGTH’
Compiled code should not call non-API entry points in R.
See ‘Writing portable packages’ in the ‘Writing R Extensions’ manual,
and section ‘Moving into C API compliance’ for issues with the use of
non-API entry points.
Flavors: r-devel-linux-x86_64-debian-clang, r-devel-linux-x86_64-debian-gcc, r-devel-linux-x86_64-fedora-clang, r-devel-linux-x86_64-fedora-gcc
Version: 0.0.3
Check: compiled code
Result: NOTE
File 'rar/libs/x64/rar.dll':
Found non-API calls to R: 'SETLENGTH', 'SET_GROWABLE_BIT',
'SET_TRUELENGTH'
Compiled code should not call non-API entry points in R.
See 'Writing portable packages' in the 'Writing R Extensions' manual,
and section 'Moving into C API compliance' for issues with the use of
non-API entry points.
Flavor: r-devel-windows-x86_64
Version: 0.0.3
Check: installed package size
Result: NOTE
installed size is 8.9Mb
sub-directories of 1Mb or more:
libs 8.7Mb
Flavors: r-release-macos-arm64, r-release-macos-x86_64, r-oldrel-macos-arm64, r-oldrel-macos-x86_64
These binaries (installable software) and packages are in development.
They may not be fully stable and should be used with caution. We make no claims about them.