CRAN Package Check Results for Package raster

Last updated on 2025-04-16 11:50:07 CEST.

Flavor Version Tinstall Tcheck Ttotal Status Flags
r-devel-linux-x86_64-debian-clang 3.6-32 171.50 430.67 602.17 OK
r-devel-linux-x86_64-debian-gcc 3.6-32 109.36 258.72 368.08 OK
r-devel-linux-x86_64-fedora-clang 3.6-32 1044.33 OK
r-devel-linux-x86_64-fedora-gcc 3.6-32 942.25 OK
r-devel-windows-x86_64 3.6-32 185.00 415.00 600.00 OK
r-patched-linux-x86_64 3.6-32 175.69 401.72 577.41 OK
r-release-linux-x86_64 3.6-32 172.47 401.98 574.45 OK
r-release-macos-arm64 3.6-32 217.00 OK
r-release-macos-x86_64 3.6-32 522.00 OK
r-release-windows-x86_64 3.6-32 185.00 416.00 601.00 OK
r-oldrel-macos-arm64 3.6-32 202.00 NOTE
r-oldrel-macos-x86_64 3.6-32 399.00 NOTE
r-oldrel-windows-x86_64 3.6-32 234.00 573.00 807.00 NOTE

Check Details

Version: 3.6-32
Check: installed package size
Result: NOTE installed size is 12.9Mb sub-directories of 1Mb or more: R 4.0Mb libs 7.9Mb Flavors: r-oldrel-macos-arm64, r-oldrel-macos-x86_64, r-oldrel-windows-x86_64

These binaries (installable software) and packages are in development.
They may not be fully stable and should be used with caution. We make no claims about them.