Last updated on 2025-05-28 21:50:18 CEST.
Flavor | Version | Tinstall | Tcheck | Ttotal | Status | Flags |
---|---|---|---|---|---|---|
r-devel-linux-x86_64-debian-clang | 3.6-32 | 170.69 | 419.97 | 590.66 | OK | |
r-devel-linux-x86_64-debian-gcc | 3.6-32 | 117.50 | 266.76 | 384.26 | OK | |
r-devel-linux-x86_64-fedora-clang | 3.6-32 | 1041.52 | OK | |||
r-devel-linux-x86_64-fedora-gcc | 3.6-32 | 940.42 | OK | |||
r-devel-windows-x86_64 | 3.6-32 | 189.00 | 427.00 | 616.00 | OK | |
r-patched-linux-x86_64 | 3.6-32 | 178.36 | 399.26 | 577.62 | OK | |
r-release-linux-x86_64 | 3.6-32 | 168.61 | 397.47 | 566.08 | OK | |
r-release-macos-arm64 | 3.6-32 | 217.00 | OK | |||
r-release-macos-x86_64 | 3.6-32 | 522.00 | OK | |||
r-release-windows-x86_64 | 3.6-32 | 186.00 | 424.00 | 610.00 | OK | |
r-oldrel-macos-arm64 | 3.6-32 | 202.00 | NOTE | |||
r-oldrel-macos-x86_64 | 3.6-32 | 399.00 | NOTE | |||
r-oldrel-windows-x86_64 | 3.6-32 | 239.00 | 554.00 | 793.00 | NOTE |
Version: 3.6-32
Check: installed package size
Result: NOTE
installed size is 12.9Mb
sub-directories of 1Mb or more:
R 4.0Mb
libs 7.9Mb
Flavors: r-oldrel-macos-arm64, r-oldrel-macos-x86_64, r-oldrel-windows-x86_64
These binaries (installable software) and packages are in development.
They may not be fully stable and should be used with caution. We make no claims about them.