Last updated on 2025-07-25 11:50:03 CEST.
Flavor | Version | Tinstall | Tcheck | Ttotal | Status | Flags |
---|---|---|---|---|---|---|
r-devel-linux-x86_64-debian-clang | 0.3.2 | 28.77 | 242.70 | 271.47 | NOTE | |
r-devel-linux-x86_64-debian-gcc | 0.3.2 | 21.05 | 155.49 | 176.54 | NOTE | |
r-devel-linux-x86_64-fedora-clang | 0.3.2 | 433.84 | OK | |||
r-devel-linux-x86_64-fedora-gcc | 0.3.2 | 407.15 | OK | |||
r-devel-windows-x86_64 | 0.3.2 | 27.00 | 185.00 | 212.00 | OK | |
r-patched-linux-x86_64 | 0.3.2 | 25.96 | 228.40 | 254.36 | OK | |
r-release-linux-x86_64 | 0.3.2 | 28.58 | 226.54 | 255.12 | OK | |
r-release-macos-arm64 | 0.3.2 | 96.00 | OK | |||
r-release-macos-x86_64 | 0.3.2 | 233.00 | OK | |||
r-release-windows-x86_64 | 0.3.2 | 27.00 | 184.00 | 211.00 | OK | |
r-oldrel-macos-arm64 | 0.3.2 | 82.00 | OK | |||
r-oldrel-macos-x86_64 | 0.3.2 | 139.00 | OK | |||
r-oldrel-windows-x86_64 | 0.3.2 | 37.00 | 248.00 | 285.00 | OK |
Version: 0.3.2
Check: CRAN incoming feasibility
Result: NOTE
Maintainer: ‘Joshua O'Brien <joshmobrien@gmail.com>’
No Authors@R field in DESCRIPTION.
Please add one, modifying
Authors@R: person(given = "Joshua",
family = "O'Brien",
role = c("aut", "cre"),
email = "joshmobrien@gmail.com")
as necessary.
Flavors: r-devel-linux-x86_64-debian-clang, r-devel-linux-x86_64-debian-gcc
These binaries (installable software) and packages are in development.
They may not be fully stable and should be used with caution. We make no claims about them.