Last updated on 2025-05-25 21:48:45 CEST.
Flavor | Version | Tinstall | Tcheck | Ttotal | Status | Flags |
---|---|---|---|---|---|---|
r-devel-linux-x86_64-debian-clang | 0.3.2 | 27.48 | 240.91 | 268.39 | NOTE | |
r-devel-linux-x86_64-debian-gcc | 0.3.2 | 18.12 | 153.60 | 171.72 | NOTE | |
r-devel-linux-x86_64-fedora-clang | 0.3.2 | 432.93 | OK | |||
r-devel-linux-x86_64-fedora-gcc | 0.3.2 | 432.55 | OK | |||
r-devel-windows-x86_64 | 0.3.2 | 26.00 | 188.00 | 214.00 | OK | |
r-patched-linux-x86_64 | 0.3.2 | 27.01 | 227.02 | 254.03 | OK | |
r-release-linux-x86_64 | 0.3.2 | 26.85 | 227.05 | 253.90 | OK | |
r-release-macos-arm64 | 0.3.2 | 96.00 | OK | |||
r-release-macos-x86_64 | 0.3.2 | 233.00 | OK | |||
r-release-windows-x86_64 | 0.3.2 | 26.00 | 182.00 | 208.00 | OK | |
r-oldrel-macos-arm64 | 0.3.2 | 82.00 | OK | |||
r-oldrel-macos-x86_64 | 0.3.2 | 139.00 | OK | |||
r-oldrel-windows-x86_64 | 0.3.2 | 35.00 | 252.00 | 287.00 | OK |
Version: 0.3.2
Check: CRAN incoming feasibility
Result: NOTE
Maintainer: ‘Joshua O'Brien <joshmobrien@gmail.com>’
No Authors@R field in DESCRIPTION.
Please add one, modifying
Authors@R: person(given = "Joshua",
family = "O'Brien",
role = c("aut", "cre"),
email = "joshmobrien@gmail.com")
as necessary.
Flavors: r-devel-linux-x86_64-debian-clang, r-devel-linux-x86_64-debian-gcc
These binaries (installable software) and packages are in development.
They may not be fully stable and should be used with caution. We make no claims about them.