Last updated on 2025-02-16 08:50:58 CET.
Flavor | Version | Tinstall | Tcheck | Ttotal | Status | Flags |
---|---|---|---|---|---|---|
r-devel-linux-x86_64-debian-clang | 0.4.0 | 1.57 | 17.24 | 18.81 | OK | |
r-devel-linux-x86_64-debian-gcc | 0.4.0 | 1.44 | 14.06 | 15.50 | OK | |
r-devel-linux-x86_64-fedora-clang | 0.4.0 | 31.28 | OK | |||
r-devel-linux-x86_64-fedora-gcc | 0.4.0 | 29.00 | OK | |||
r-devel-macos-arm64 | 0.4.0 | 15.00 | OK | |||
r-devel-macos-x86_64 | 0.4.0 | 22.00 | OK | |||
r-devel-windows-x86_64 | 0.4.0 | 3.00 | 39.00 | 42.00 | OK | |
r-patched-linux-x86_64 | 0.4.0 | 1.83 | 16.56 | 18.39 | NOTE | |
r-release-linux-x86_64 | 0.4.0 | 1.47 | 16.50 | 17.97 | NOTE | |
r-release-macos-arm64 | 0.4.0 | 13.00 | NOTE | |||
r-release-macos-x86_64 | 0.4.0 | 18.00 | NOTE | |||
r-release-windows-x86_64 | 0.4.0 | 3.00 | 38.00 | 41.00 | NOTE | |
r-oldrel-macos-arm64 | 0.4.0 | 15.00 | NOTE | |||
r-oldrel-macos-x86_64 | 0.4.0 | 19.00 | NOTE | |||
r-oldrel-windows-x86_64 | 0.4.0 | 3.00 | 39.00 | 42.00 | NOTE |
Version: 0.4.0
Check: LazyData
Result: NOTE
'LazyData' is specified without a 'data' directory
Flavors: r-patched-linux-x86_64, r-release-linux-x86_64, r-release-macos-arm64, r-release-macos-x86_64, r-release-windows-x86_64, r-oldrel-macos-arm64, r-oldrel-macos-x86_64, r-oldrel-windows-x86_64
These binaries (installable software) and packages are in development.
They may not be fully stable and should be used with caution. We make no claims about them.