Last updated on 2025-02-16 08:50:58 CET.
Flavor | Version | Tinstall | Tcheck | Ttotal | Status | Flags |
---|---|---|---|---|---|---|
r-devel-linux-x86_64-debian-clang | 1.0.2 | 2.96 | 33.49 | 36.45 | NOTE | |
r-devel-linux-x86_64-debian-gcc | 1.0.2 | 2.28 | 25.15 | 27.43 | NOTE | |
r-devel-linux-x86_64-fedora-clang | 1.0.2 | 60.23 | NOTE | |||
r-devel-linux-x86_64-fedora-gcc | 1.0.2 | 68.99 | NOTE | |||
r-devel-macos-arm64 | 1.0.2 | 28.00 | OK | |||
r-devel-macos-x86_64 | 1.0.2 | 47.00 | NOTE | |||
r-devel-windows-x86_64 | 1.0.2 | 5.00 | 53.00 | 58.00 | NOTE | |
r-patched-linux-x86_64 | 1.0.2 | 2.70 | 31.71 | 34.41 | OK | |
r-release-linux-x86_64 | 1.0.2 | 2.55 | 31.84 | 34.39 | OK | |
r-release-macos-arm64 | 1.0.2 | 25.00 | OK | |||
r-release-macos-x86_64 | 1.0.2 | 40.00 | OK | |||
r-release-windows-x86_64 | 1.0.2 | 4.00 | 53.00 | 57.00 | OK | |
r-oldrel-macos-arm64 | 1.0.2 | 29.00 | OK | |||
r-oldrel-macos-x86_64 | 1.0.2 | 64.00 | OK | |||
r-oldrel-windows-x86_64 | 1.0.2 | 5.00 | 59.00 | 64.00 | OK |
Version: 1.0.2
Check: DESCRIPTION meta-information
Result: NOTE
Missing dependency on R >= 4.1.0 because package code uses the pipe
|> or function shorthand \(...) syntax added in R 4.1.0.
File(s) using such syntax:
‘utils.R’
Flavors: r-devel-linux-x86_64-debian-clang, r-devel-linux-x86_64-debian-gcc, r-devel-linux-x86_64-fedora-clang, r-devel-linux-x86_64-fedora-gcc, r-devel-macos-x86_64, r-devel-windows-x86_64
These binaries (installable software) and packages are in development.
They may not be fully stable and should be used with caution. We make no claims about them.