Last updated on 2025-05-01 08:52:43 CEST.
Flavor | Version | Tinstall | Tcheck | Ttotal | Status | Flags |
---|---|---|---|---|---|---|
r-devel-linux-x86_64-debian-clang | 0.3.6 | 10.56 | 221.78 | 232.34 | NOTE | |
r-devel-linux-x86_64-debian-gcc | 0.3.6 | 5.12 | 148.17 | 153.29 | OK | |
r-devel-linux-x86_64-fedora-clang | 0.3.6 | 373.22 | OK | |||
r-devel-linux-x86_64-fedora-gcc | 0.3.6 | 348.25 | OK | |||
r-devel-windows-x86_64 | 0.3.6 | 11.00 | 217.00 | 228.00 | OK | |
r-patched-linux-x86_64 | 0.3.6 | 10.78 | 207.46 | 218.24 | OK | |
r-release-linux-x86_64 | OK | |||||
r-release-macos-arm64 | 0.3.6 | 97.00 | OK | |||
r-release-macos-x86_64 | 0.3.6 | 235.00 | OK | |||
r-release-windows-x86_64 | 0.3.6 | 12.00 | 229.00 | 241.00 | OK | |
r-oldrel-macos-arm64 | 0.3.6 | 105.00 | OK | |||
r-oldrel-macos-x86_64 | 0.3.6 | 169.00 | OK | |||
r-oldrel-windows-x86_64 | 0.3.6 | 13.00 | 270.00 | 283.00 | OK |
Version: 0.3.6
Check: examples
Result: NOTE
Examples with CPU (user + system) or elapsed time > 5s
user system elapsed
copNDVI 6.887 0.134 8.965
Flavor: r-devel-linux-x86_64-debian-clang
These binaries (installable software) and packages are in development.
They may not be fully stable and should be used with caution. We make no claims about them.