Last updated on 2025-05-23 05:52:36 CEST.
Flavor | Version | Tinstall | Tcheck | Ttotal | Status | Flags |
---|---|---|---|---|---|---|
r-devel-linux-x86_64-debian-clang | 0.1.1 | 1.69 | 21.23 | 22.92 | OK | |
r-devel-linux-x86_64-debian-gcc | 0.1.1 | 1.34 | 17.67 | 19.01 | OK | |
r-devel-linux-x86_64-fedora-clang | 0.1.1 | 34.03 | OK | |||
r-devel-linux-x86_64-fedora-gcc | 0.1.1 | 33.26 | OK | |||
r-devel-windows-x86_64 | 0.1.1 | 4.00 | 71.00 | 75.00 | OK | |
r-patched-linux-x86_64 | 0.1.1 | 1.72 | 19.90 | 21.62 | OK | |
r-release-linux-x86_64 | 0.1.1 | 1.65 | 19.52 | 21.17 | OK | |
r-release-macos-arm64 | 0.1.1 | 17.00 | OK | |||
r-release-macos-x86_64 | 0.1.1 | 25.00 | OK | |||
r-release-windows-x86_64 | 0.1.1 | 4.00 | 72.00 | 76.00 | OK | |
r-oldrel-macos-arm64 | 0.1.1 | 14.00 | NOTE | |||
r-oldrel-macos-x86_64 | 0.1.1 | 22.00 | NOTE | |||
r-oldrel-windows-x86_64 | 0.1.1 | 3.00 | 46.00 | 49.00 | NOTE |
Version: 0.1.1
Check: LazyData
Result: NOTE
'LazyData' is specified without a 'data' directory
Flavors: r-oldrel-macos-arm64, r-oldrel-macos-x86_64, r-oldrel-windows-x86_64
These binaries (installable software) and packages are in development.
They may not be fully stable and should be used with caution. We make no claims about them.