Last updated on 2025-05-01 08:52:43 CEST.
Flavor | Version | Tinstall | Tcheck | Ttotal | Status | Flags |
---|---|---|---|---|---|---|
r-devel-linux-x86_64-debian-clang | 1.2.4 | 54.92 | 151.69 | 206.61 | NOTE | |
r-devel-linux-x86_64-debian-gcc | 1.2.4 | 35.42 | 108.98 | 144.40 | NOTE | |
r-devel-linux-x86_64-fedora-clang | 1.2.4 | 350.49 | NOTE | |||
r-devel-linux-x86_64-fedora-gcc | 1.2.4 | 335.01 | NOTE | |||
r-devel-windows-x86_64 | 1.2.4 | 58.00 | 181.00 | 239.00 | NOTE | |
r-patched-linux-x86_64 | 1.2.4 | 52.23 | 145.43 | 197.66 | NOTE | |
r-release-linux-x86_64 | NOTE | |||||
r-release-macos-arm64 | 1.2.4 | 89.00 | NOTE | |||
r-release-macos-x86_64 | 1.2.4 | 212.00 | NOTE | |||
r-release-windows-x86_64 | 1.2.4 | 60.00 | 177.00 | 237.00 | NOTE | |
r-oldrel-macos-arm64 | 1.2.4 | 94.00 | NOTE | |||
r-oldrel-macos-x86_64 | 1.2.4 | 193.00 | NOTE | |||
r-oldrel-windows-x86_64 | 1.2.4 | 68.00 | 224.00 | 292.00 | NOTE |
Version: 1.2.4
Check: C++ specification
Result: NOTE
Specified C++11: please drop specification unless essential
Flavors: r-devel-linux-x86_64-debian-clang, r-devel-linux-x86_64-debian-gcc, r-devel-linux-x86_64-fedora-clang, r-devel-linux-x86_64-fedora-gcc, r-devel-windows-x86_64, r-patched-linux-x86_64, r-release-linux-x86_64, r-release-macos-arm64, r-release-macos-x86_64, r-release-windows-x86_64, r-oldrel-macos-arm64, r-oldrel-macos-x86_64, r-oldrel-windows-x86_64
Version: 1.2.4
Check: installed package size
Result: NOTE
installed size is 6.6Mb
sub-directories of 1Mb or more:
libs 4.9Mb
Flavors: r-oldrel-macos-arm64, r-oldrel-macos-x86_64
These binaries (installable software) and packages are in development.
They may not be fully stable and should be used with caution. We make no claims about them.