CRAN Package Check Results for Package rateratio.test

Last updated on 2025-05-08 04:52:15 CEST.

Flavor Version Tinstall Tcheck Ttotal Status Flags
r-devel-linux-x86_64-debian-clang 1.1 1.67 19.87 21.54 NOTE
r-devel-linux-x86_64-debian-gcc 1.1 1.33 16.32 17.65 NOTE
r-devel-linux-x86_64-fedora-clang 1.1 37.05 OK
r-devel-linux-x86_64-fedora-gcc 1.1 52.29 OK
r-devel-windows-x86_64 1.1 3.00 49.00 52.00 OK
r-patched-linux-x86_64 1.1 1.75 19.33 21.08 OK
r-release-linux-x86_64 1.1 1.57 19.42 20.99 OK
r-release-macos-arm64 1.1 27.00 OK
r-release-macos-x86_64 1.1 39.00 OK
r-release-windows-x86_64 1.1 2.00 56.00 58.00 OK
r-oldrel-macos-arm64 1.1 19.00 OK
r-oldrel-macos-x86_64 1.1 30.00 OK
r-oldrel-windows-x86_64 1.1 3.00 49.00 52.00 OK

Check Details

Version: 1.1
Check: CRAN incoming feasibility
Result: NOTE Maintainer: ‘Michael Fay <mfay@niaid.nih.gov>’ No Authors@R field in DESCRIPTION. Please add one, modifying Authors@R: person(given = "Michael", family = "Fay", role = c("aut", "cre"), email = "mfay@niaid.nih.gov") as necessary. Flavors: r-devel-linux-x86_64-debian-clang, r-devel-linux-x86_64-debian-gcc

These binaries (installable software) and packages are in development.
They may not be fully stable and should be used with caution. We make no claims about them.