Last updated on 2025-05-08 04:52:15 CEST.
Flavor | Version | Tinstall | Tcheck | Ttotal | Status | Flags |
---|---|---|---|---|---|---|
r-devel-linux-x86_64-debian-clang | 1.1.0 | 86.26 | 108.66 | 194.92 | OK | |
r-devel-linux-x86_64-debian-gcc | 1.1.0 | 74.00 | 80.17 | 154.17 | OK | |
r-devel-linux-x86_64-fedora-clang | 1.1.0 | 298.35 | OK | |||
r-devel-linux-x86_64-fedora-gcc | 1.1.0 | 416.44 | OK | |||
r-devel-windows-x86_64 | 1.1.0 | 94.00 | 146.00 | 240.00 | OK | |
r-patched-linux-x86_64 | 1.1.0 | 94.23 | 101.19 | 195.42 | OK | |
r-release-linux-x86_64 | 1.1.0 | 94.90 | 101.56 | 196.46 | OK | |
r-release-macos-arm64 | 1.1.0 | 88.00 | OK | |||
r-release-macos-x86_64 | 1.1.0 | 161.00 | OK | |||
r-release-windows-x86_64 | 1.1.0 | 95.00 | 149.00 | 244.00 | OK | |
r-oldrel-macos-arm64 | 1.1.0 | 87.00 | NOTE | |||
r-oldrel-macos-x86_64 | 1.1.0 | 219.00 | NOTE | |||
r-oldrel-windows-x86_64 | 1.1.0 | 118.00 | 186.00 | 304.00 | OK |
Version: 1.1.0
Check: installed package size
Result: NOTE
installed size is 24.3Mb
sub-directories of 1Mb or more:
libs 23.6Mb
Flavors: r-oldrel-macos-arm64, r-oldrel-macos-x86_64
These binaries (installable software) and packages are in development.
They may not be fully stable and should be used with caution. We make no claims about them.