CRAN Package Check Results for Package ratioOfQsprays

Last updated on 2025-07-27 01:48:31 CEST.

Flavor Version Tinstall Tcheck Ttotal Status Flags
r-devel-linux-x86_64-debian-clang 1.1.0 89.70 110.53 200.23 OK
r-devel-linux-x86_64-debian-gcc 1.1.0 68.94 79.11 148.05 OK
r-devel-linux-x86_64-fedora-clang 1.1.0 330.66 OK
r-devel-linux-x86_64-fedora-gcc 1.1.0 353.62 OK
r-devel-windows-x86_64 1.1.0 94.00 159.00 253.00 OK
r-patched-linux-x86_64 1.1.0 94.86 101.54 196.40 OK
r-release-linux-x86_64 1.1.0 96.59 101.55 198.14 OK
r-release-macos-arm64 1.1.0 88.00 OK
r-release-macos-x86_64 1.1.0 161.00 OK
r-release-windows-x86_64 1.1.0 91.00 147.00 238.00 OK
r-oldrel-macos-arm64 1.1.0 87.00 NOTE
r-oldrel-macos-x86_64 1.1.0 219.00 NOTE
r-oldrel-windows-x86_64 1.1.0 116.00 180.00 296.00 OK

Check Details

Version: 1.1.0
Check: installed package size
Result: NOTE installed size is 24.3Mb sub-directories of 1Mb or more: libs 23.6Mb Flavors: r-oldrel-macos-arm64, r-oldrel-macos-x86_64

These binaries (installable software) and packages are in development.
They may not be fully stable and should be used with caution. We make no claims about them.