Last updated on 2025-05-23 11:56:04 CEST.
Flavor | Version | Tinstall | Tcheck | Ttotal | Status | Flags |
---|---|---|---|---|---|---|
r-devel-linux-x86_64-debian-clang | 0.1-1 | 2.00 | 19.51 | 21.51 | NOTE | |
r-devel-linux-x86_64-debian-gcc | 0.1-1 | 1.62 | 15.74 | 17.36 | NOTE | |
r-devel-linux-x86_64-fedora-clang | 0.1-1 | 33.19 | OK | |||
r-devel-linux-x86_64-fedora-gcc | 0.1-1 | 32.69 | OK | |||
r-devel-windows-x86_64 | 0.1-1 | 3.00 | 78.00 | 81.00 | OK | |
r-patched-linux-x86_64 | 0.1-1 | 2.18 | 18.55 | 20.73 | OK | |
r-release-linux-x86_64 | 0.1-1 | 1.92 | 18.57 | 20.49 | OK | |
r-release-macos-arm64 | 0.1-1 | 14.00 | OK | |||
r-release-macos-x86_64 | 0.1-1 | 24.00 | OK | |||
r-release-windows-x86_64 | 0.1-1 | 6.00 | 59.00 | 65.00 | OK | |
r-oldrel-macos-arm64 | 0.1-1 | 14.00 | OK | |||
r-oldrel-macos-x86_64 | 0.1-1 | 20.00 | OK | |||
r-oldrel-windows-x86_64 | 0.1-1 | 2.00 | 44.00 | 46.00 | OK |
Version: 0.1-1
Check: CRAN incoming feasibility
Result: NOTE
Maintainer: ‘Yixuan Qiu <yixuan.qiu@cos.name>’
No Authors@R field in DESCRIPTION.
Please add one, modifying
Authors@R: person(given = "Yixuan",
family = "Qiu",
role = c("aut", "cre"),
email = "yixuan.qiu@cos.name")
as necessary.
Flavors: r-devel-linux-x86_64-debian-clang, r-devel-linux-x86_64-debian-gcc
These binaries (installable software) and packages are in development.
They may not be fully stable and should be used with caution. We make no claims about them.