CRAN Package Check Results for Package raven.rdf

Last updated on 2025-07-25 01:49:36 CEST.

Flavor Version Tinstall Tcheck Ttotal Status Flags
r-devel-linux-x86_64-debian-clang 0.2.0 2.84 21.27 24.11 OK
r-devel-linux-x86_64-debian-gcc 0.2.0 2.01 16.16 18.17 OK
r-devel-linux-x86_64-fedora-clang 0.2.0 37.22 OK
r-devel-linux-x86_64-fedora-gcc 0.2.0 35.02 OK
r-devel-windows-x86_64 0.2.0 3.00 48.00 51.00 OK
r-patched-linux-x86_64 0.2.0 2.62 19.85 22.47 OK
r-release-linux-x86_64 0.2.0 2.58 19.93 22.51 OK
r-release-macos-arm64 0.2.0 14.00 OK
r-release-macos-x86_64 0.2.0 24.00 OK
r-release-windows-x86_64 0.2.0 4.00 42.00 46.00 OK
r-oldrel-macos-arm64 0.2.0 14.00 NOTE
r-oldrel-macos-x86_64 0.2.0 21.00 NOTE
r-oldrel-windows-x86_64 0.2.0 4.00 44.00 48.00 NOTE

Check Details

Version: 0.2.0
Check: LazyData
Result: NOTE 'LazyData' is specified without a 'data' directory Flavors: r-oldrel-macos-arm64, r-oldrel-macos-x86_64, r-oldrel-windows-x86_64

These binaries (installable software) and packages are in development.
They may not be fully stable and should be used with caution. We make no claims about them.