CRAN Package Check Results for Package raven.rdf

Last updated on 2025-02-16 08:50:58 CET.

Flavor Version Tinstall Tcheck Ttotal Status Flags
r-devel-linux-x86_64-debian-clang 0.2.0 2.83 20.40 23.23 OK
r-devel-linux-x86_64-debian-gcc 0.2.0 1.95 15.36 17.31 OK
r-devel-linux-x86_64-fedora-clang 0.2.0 38.32 OK
r-devel-linux-x86_64-fedora-gcc 0.2.0 34.76 OK
r-devel-macos-arm64 0.2.0 15.00 OK
r-devel-macos-x86_64 0.2.0 32.00 OK
r-devel-windows-x86_64 0.2.0 4.00 41.00 45.00 OK
r-patched-linux-x86_64 0.2.0 2.43 19.23 21.66 NOTE
r-release-linux-x86_64 0.2.0 2.49 19.59 22.08 NOTE
r-release-macos-arm64 0.2.0 14.00 NOTE
r-release-macos-x86_64 0.2.0 21.00 NOTE
r-release-windows-x86_64 0.2.0 4.00 43.00 47.00 NOTE
r-oldrel-macos-arm64 0.2.0 17.00 NOTE
r-oldrel-macos-x86_64 0.2.0 21.00 NOTE
r-oldrel-windows-x86_64 0.2.0 4.00 40.00 44.00 NOTE

Check Details

Version: 0.2.0
Check: LazyData
Result: NOTE 'LazyData' is specified without a 'data' directory Flavors: r-patched-linux-x86_64, r-release-linux-x86_64, r-release-macos-arm64, r-release-macos-x86_64, r-release-windows-x86_64, r-oldrel-macos-arm64, r-oldrel-macos-x86_64, r-oldrel-windows-x86_64

These binaries (installable software) and packages are in development.
They may not be fully stable and should be used with caution. We make no claims about them.