Last updated on 2025-11-11 15:50:44 CET.
| Flavor | Version | Tinstall | Tcheck | Ttotal | Status | Flags |
|---|---|---|---|---|---|---|
| r-devel-linux-x86_64-debian-clang | 0.2.4 | 123.75 | 140.08 | 263.83 | OK | |
| r-devel-linux-x86_64-debian-gcc | 0.2.4 | 87.53 | 94.67 | 182.20 | OK | |
| r-devel-linux-x86_64-fedora-clang | 0.2.4 | 284.00 | 190.01 | 474.01 | OK | |
| r-devel-linux-x86_64-fedora-gcc | 0.2.4 | 434.00 | 43.56 | 477.56 | OK | |
| r-devel-windows-x86_64 | 0.2.4 | 175.00 | 192.00 | 367.00 | OK | |
| r-patched-linux-x86_64 | 0.2.4 | 128.13 | 131.59 | 259.72 | OK | |
| r-release-linux-x86_64 | 0.2.4 | 133.83 | 132.07 | 265.90 | OK | |
| r-release-macos-arm64 | 0.2.4 | 54.00 | 60.00 | 114.00 | OK | |
| r-release-macos-x86_64 | 0.2.4 | 71.00 | 116.00 | 187.00 | OK | |
| r-release-windows-x86_64 | 0.2.4 | 173.00 | 187.00 | 360.00 | OK | |
| r-oldrel-macos-arm64 | 0.2.4 | 47.00 | 62.00 | 109.00 | NOTE | |
| r-oldrel-macos-x86_64 | 0.2.4 | 73.00 | 110.00 | 183.00 | NOTE | |
| r-oldrel-windows-x86_64 | 0.2.4 | 203.00 | 236.00 | 439.00 | OK |
Version: 0.2.4
Check: installed package size
Result: NOTE
installed size is 16.2Mb
sub-directories of 1Mb or more:
libs 15.2Mb
Flavors: r-oldrel-macos-arm64, r-oldrel-macos-x86_64
These binaries (installable software) and packages are in development.
They may not be fully stable and should be used with caution. We make no claims about them.