CRAN Package Check Results for Package raws.profile

Last updated on 2025-02-16 08:50:58 CET.

Flavor Version Tinstall Tcheck Ttotal Status Flags
r-devel-linux-x86_64-debian-clang 0.1.0 2.89 25.04 27.93 OK
r-devel-linux-x86_64-debian-gcc 0.1.0 2.08 19.80 21.88 OK
r-devel-linux-x86_64-fedora-clang 0.1.0 44.64 NOTE
r-devel-linux-x86_64-fedora-gcc 0.1.0 41.67 NOTE
r-devel-macos-arm64 0.1.0 20.00 OK
r-devel-macos-x86_64 0.1.0 31.00 OK
r-devel-windows-x86_64 0.1.0 4.00 47.00 51.00 OK
r-patched-linux-x86_64 0.1.0 2.39 23.78 26.17 NOTE
r-release-linux-x86_64 0.1.0 2.17 23.71 25.88 NOTE
r-release-macos-arm64 0.1.0 20.00 NOTE
r-release-macos-x86_64 0.1.0 38.00 NOTE
r-release-windows-x86_64 0.1.0 4.00 55.00 59.00 NOTE
r-oldrel-macos-arm64 0.1.0 19.00 NOTE
r-oldrel-macos-x86_64 0.1.0 25.00 NOTE
r-oldrel-windows-x86_64 0.1.0 5.00 60.00 65.00 NOTE

Check Details

Version: 0.1.0
Check: dependencies in R code
Result: NOTE Namespace in Imports field not imported from: ‘withr’ All declared Imports should be used. Flavors: r-devel-linux-x86_64-fedora-clang, r-devel-linux-x86_64-fedora-gcc

Version: 0.1.0
Check: LazyData
Result: NOTE 'LazyData' is specified without a 'data' directory Flavors: r-patched-linux-x86_64, r-release-linux-x86_64, r-release-macos-arm64, r-release-macos-x86_64, r-release-windows-x86_64, r-oldrel-macos-arm64, r-oldrel-macos-x86_64, r-oldrel-windows-x86_64

These binaries (installable software) and packages are in development.
They may not be fully stable and should be used with caution. We make no claims about them.