Last updated on 2025-02-21 06:49:52 CET.
Flavor | Version | Tinstall | Tcheck | Ttotal | Status | Flags |
---|---|---|---|---|---|---|
r-devel-linux-x86_64-debian-clang | 0.2.2 | 62.70 | 40.05 | 102.75 | OK | |
r-devel-linux-x86_64-debian-gcc | 0.2.2 | 58.04 | 28.99 | 87.03 | OK | |
r-devel-linux-x86_64-fedora-clang | 0.2.2 | 182.01 | OK | |||
r-devel-linux-x86_64-fedora-gcc | 0.2.2 | 209.84 | OK | |||
r-devel-macos-arm64 | 0.2.2 | 43.00 | OK | |||
r-devel-macos-x86_64 | 0.2.2 | 92.00 | OK | |||
r-devel-windows-x86_64 | 0.2.2 | 74.00 | 90.00 | 164.00 | OK | |
r-patched-linux-x86_64 | 0.2.2 | 77.25 | 37.62 | 114.87 | OK | |
r-release-linux-x86_64 | 0.2.2 | 77.30 | 37.49 | 114.79 | OK | |
r-release-macos-arm64 | 0.2.2 | 58.00 | NOTE | |||
r-release-macos-x86_64 | 0.2.2 | 101.00 | NOTE | |||
r-release-windows-x86_64 | 0.2.2 | 75.00 | 83.00 | 158.00 | OK | |
r-oldrel-macos-arm64 | 0.1.3 | 55.00 | NOTE | |||
r-oldrel-macos-x86_64 | 0.2.2 | 117.00 | NOTE | |||
r-oldrel-windows-x86_64 | 0.2.2 | 94.00 | 100.00 | 194.00 | OK |
Version: 0.2.2
Check: installed package size
Result: NOTE
installed size is 14.7Mb
sub-directories of 1Mb or more:
libs 14.4Mb
Flavors: r-release-macos-arm64, r-release-macos-x86_64, r-oldrel-macos-x86_64
Version: 0.1.3
Check: installed package size
Result: NOTE
installed size is 14.6Mb
sub-directories of 1Mb or more:
libs 14.4Mb
Flavor: r-oldrel-macos-arm64
These binaries (installable software) and packages are in development.
They may not be fully stable and should be used with caution. We make no claims about them.