Last updated on 2025-11-11 15:50:44 CET.
| Flavor | Version | Tinstall | Tcheck | Ttotal | Status | Flags |
|---|---|---|---|---|---|---|
| r-devel-linux-x86_64-debian-clang | 0.2.2 | 63.26 | 43.50 | 106.76 | OK | |
| r-devel-linux-x86_64-debian-gcc | 0.2.2 | 59.15 | 31.41 | 90.56 | OK | |
| r-devel-linux-x86_64-fedora-clang | 0.2.2 | 158.00 | 27.86 | 185.86 | OK | |
| r-devel-linux-x86_64-fedora-gcc | 0.2.2 | 285.00 | -67.45 | 217.55 | OK | |
| r-devel-windows-x86_64 | 0.2.2 | 84.00 | 86.00 | 170.00 | OK | |
| r-patched-linux-x86_64 | 0.2.2 | 74.13 | 41.07 | 115.20 | OK | |
| r-release-linux-x86_64 | 0.2.2 | 78.67 | 41.03 | 119.70 | OK | |
| r-release-macos-arm64 | 0.2.2 | 28.00 | 23.00 | 51.00 | OK | |
| r-release-macos-x86_64 | 0.2.2 | 63.00 | 37.00 | 100.00 | OK | |
| r-release-windows-x86_64 | 0.2.2 | 78.00 | 82.00 | 160.00 | OK | |
| r-oldrel-macos-arm64 | 0.2.2 | 30.00 | 28.00 | 58.00 | NOTE | |
| r-oldrel-macos-x86_64 | 0.2.2 | 58.00 | 43.00 | 101.00 | NOTE | |
| r-oldrel-windows-x86_64 | 0.2.2 | 95.00 | 105.00 | 200.00 | OK |
Version: 0.2.2
Check: installed package size
Result: NOTE
installed size is 14.7Mb
sub-directories of 1Mb or more:
libs 14.4Mb
Flavors: r-oldrel-macos-arm64, r-oldrel-macos-x86_64
These binaries (installable software) and packages are in development.
They may not be fully stable and should be used with caution. We make no claims about them.