Last updated on 2025-05-08 04:52:15 CEST.
Flavor | Version | Tinstall | Tcheck | Ttotal | Status | Flags |
---|---|---|---|---|---|---|
r-devel-linux-x86_64-debian-clang | 0.2.2 | 63.72 | 41.21 | 104.93 | OK | |
r-devel-linux-x86_64-debian-gcc | 0.2.2 | 57.38 | 29.78 | 87.16 | OK | |
r-devel-linux-x86_64-fedora-clang | 0.2.2 | 190.84 | OK | |||
r-devel-linux-x86_64-fedora-gcc | 0.2.2 | 255.95 | OK | |||
r-devel-windows-x86_64 | 0.2.2 | 81.00 | 86.00 | 167.00 | OK | |
r-patched-linux-x86_64 | 0.2.2 | 78.29 | 38.90 | 117.19 | OK | |
r-release-linux-x86_64 | 0.2.2 | 78.18 | 38.86 | 117.04 | OK | |
r-release-macos-arm64 | 0.2.2 | 51.00 | OK | |||
r-release-macos-x86_64 | 0.2.2 | 100.00 | OK | |||
r-release-windows-x86_64 | 0.2.2 | 81.00 | 86.00 | 167.00 | OK | |
r-oldrel-macos-arm64 | 0.2.2 | 58.00 | NOTE | |||
r-oldrel-macos-x86_64 | 0.2.2 | 101.00 | NOTE | |||
r-oldrel-windows-x86_64 | 0.2.2 | 91.00 | 100.00 | 191.00 | OK |
Version: 0.2.2
Check: installed package size
Result: NOTE
installed size is 14.7Mb
sub-directories of 1Mb or more:
libs 14.4Mb
Flavors: r-oldrel-macos-arm64, r-oldrel-macos-x86_64
These binaries (installable software) and packages are in development.
They may not be fully stable and should be used with caution. We make no claims about them.