CRAN Package Check Results for Package raybevel

Last updated on 2025-07-02 01:51:47 CEST.

Flavor Version Tinstall Tcheck Ttotal Status Flags
r-devel-linux-x86_64-debian-clang 0.2.2 66.32 41.53 107.85 OK
r-devel-linux-x86_64-debian-gcc 0.2.2 56.41 30.39 86.80 OK
r-devel-linux-x86_64-fedora-clang 0.2.2 185.34 OK
r-devel-linux-x86_64-fedora-gcc 0.2.2 206.71 OK
r-devel-windows-x86_64 0.2.2 81.00 87.00 168.00 OK
r-patched-linux-x86_64 OK
r-release-linux-x86_64 0.2.2 78.60 38.86 117.46 OK
r-release-macos-arm64 0.2.2 51.00 OK
r-release-macos-x86_64 0.2.2 100.00 OK
r-release-windows-x86_64 0.2.2 83.00 82.00 165.00 OK
r-oldrel-macos-arm64 0.2.2 58.00 NOTE
r-oldrel-macos-x86_64 0.2.2 101.00 NOTE
r-oldrel-windows-x86_64 0.2.2 93.00 102.00 195.00 OK

Additional issues

clang19 clang19

Check Details

Version: 0.2.2
Check: installed package size
Result: NOTE installed size is 14.7Mb sub-directories of 1Mb or more: libs 14.4Mb Flavors: r-oldrel-macos-arm64, r-oldrel-macos-x86_64

These binaries (installable software) and packages are in development.
They may not be fully stable and should be used with caution. We make no claims about them.