CRAN Package Check Results for Package raymolecule

Last updated on 2025-05-01 15:49:41 CEST.

Flavor Version Tinstall Tcheck Ttotal Status Flags
r-devel-linux-x86_64-debian-clang 0.5.3 4.62 38.56 43.18 NOTE
r-devel-linux-x86_64-debian-gcc 0.5.3 3.95 28.26 32.21 NOTE
r-devel-linux-x86_64-fedora-clang 0.5.3 73.14 NOTE
r-devel-linux-x86_64-fedora-gcc 0.5.3 62.85 NOTE
r-devel-windows-x86_64 0.5.3 7.00 58.00 65.00 NOTE
r-patched-linux-x86_64 0.5.3 5.39 35.27 40.66 NOTE
r-release-linux-x86_64 NOTE
r-release-macos-arm64 0.5.3 24.00 NOTE
r-release-macos-x86_64 0.5.3 40.00 NOTE
r-release-windows-x86_64 0.5.3 8.00 64.00 72.00 NOTE
r-oldrel-macos-arm64 0.5.3 24.00 OK
r-oldrel-macos-x86_64 0.5.3 34.00 OK
r-oldrel-windows-x86_64 0.5.3 8.00 61.00 69.00 OK

Check Details

Version: 0.5.3
Check: DESCRIPTION meta-information
Result: NOTE Missing dependency on R >= 4.1.0 because package code uses the pipe |> or function shorthand \(...) syntax added in R 4.1.0. File(s) using such syntax: ‘render_model.R’ Flavors: r-devel-linux-x86_64-debian-clang, r-devel-linux-x86_64-debian-gcc, r-devel-linux-x86_64-fedora-clang, r-devel-linux-x86_64-fedora-gcc, r-devel-windows-x86_64, r-patched-linux-x86_64, r-release-linux-x86_64, r-release-macos-arm64, r-release-macos-x86_64, r-release-windows-x86_64

These binaries (installable software) and packages are in development.
They may not be fully stable and should be used with caution. We make no claims about them.