CRAN Package Check Results for Package rayrender

Last updated on 2025-07-02 01:51:47 CEST.

Flavor Version Tinstall Tcheck Ttotal Status Flags
r-devel-linux-x86_64-debian-clang 0.38.10 495.39 82.63 578.02 OK
r-devel-linux-x86_64-debian-gcc 0.38.10 388.74 58.26 447.00 OK
r-devel-linux-x86_64-fedora-clang 0.38.10 1107.78 OK
r-devel-linux-x86_64-fedora-gcc 0.38.10 1105.24 OK
r-devel-windows-x86_64 0.38.10 664.00 147.00 811.00 OK
r-patched-linux-x86_64 OK
r-release-linux-x86_64 0.38.10 557.29 77.39 634.68 OK
r-release-macos-arm64 0.38.10 198.00 OK
r-release-macos-x86_64 0.38.10 180.00 OK
r-release-windows-x86_64 0.38.10 673.00 144.00 817.00 OK
r-oldrel-macos-arm64 0.38.10 188.00 NOTE
r-oldrel-macos-x86_64 0.38.10 185.00 NOTE
r-oldrel-windows-x86_64 0.38.10 761.00 174.00 935.00 NOTE

Additional issues

Intel Intel

Check Details

Version: 0.38.10
Check: installed package size
Result: NOTE installed size is 26.3Mb sub-directories of 1Mb or more: libs 25.4Mb Flavors: r-oldrel-macos-arm64, r-oldrel-macos-x86_64, r-oldrel-windows-x86_64

These binaries (installable software) and packages are in development.
They may not be fully stable and should be used with caution. We make no claims about them.