Last updated on 2025-10-03 11:50:57 CEST.
Flavor | Version | Tinstall | Tcheck | Ttotal | Status | Flags |
---|---|---|---|---|---|---|
r-devel-linux-x86_64-debian-clang | 0.6.0 | 3.93 | 67.96 | 71.89 | NOTE | |
r-devel-linux-x86_64-debian-gcc | 0.6.0 | 3.41 | 47.24 | 50.65 | NOTE | |
r-devel-linux-x86_64-fedora-clang | 0.6.0 | 109.09 | OK | |||
r-devel-linux-x86_64-fedora-gcc | 0.6.0 | 112.45 | OK | |||
r-devel-windows-x86_64 | 0.6.0 | 7.00 | 77.00 | 84.00 | OK | |
r-patched-linux-x86_64 | 0.6.0 | 4.48 | 64.45 | 68.93 | OK | |
r-release-linux-x86_64 | 0.6.0 | 5.06 | 63.46 | 68.52 | OK | |
r-release-macos-arm64 | 0.6.0 | 34.00 | OK | |||
r-release-macos-x86_64 | 0.6.0 | 58.00 | OK | |||
r-release-windows-x86_64 | 0.6.0 | 6.00 | 76.00 | 82.00 | OK | |
r-oldrel-macos-arm64 | 0.6.0 | 32.00 | OK | |||
r-oldrel-macos-x86_64 | 0.6.0 | 49.00 | OK | |||
r-oldrel-windows-x86_64 | 0.6.0 | 8.00 | 97.00 | 105.00 | OK |
Version: 0.6.0
Check: CRAN incoming feasibility
Result: NOTE
Maintainer: ‘Amanda Rehbein <amanda.rehbein@usp.br>’
Package CITATION file contains call(s) to old-style personList() or
as.personList(). Please use c() on person objects instead.
Package CITATION file contains call(s) to old-style citEntry(). Please
use bibentry() instead.
Flavors: r-devel-linux-x86_64-debian-clang, r-devel-linux-x86_64-debian-gcc
These binaries (installable software) and packages are in development.
They may not be fully stable and should be used with caution. We make no claims about them.