Last updated on 2025-11-13 07:51:03 CET.
| Flavor | Version | Tinstall | Tcheck | Ttotal | Status | Flags |
|---|---|---|---|---|---|---|
| r-devel-linux-x86_64-debian-clang | 0.6.0 | 4.02 | 68.25 | 72.27 | NOTE | |
| r-devel-linux-x86_64-debian-gcc | 0.6.0 | 3.50 | 48.35 | 51.85 | NOTE | |
| r-devel-linux-x86_64-fedora-clang | 0.6.0 | 12.00 | 99.99 | 111.99 | OK | |
| r-devel-linux-x86_64-fedora-gcc | 0.6.0 | 27.00 | 87.65 | 114.65 | OK | |
| r-devel-windows-x86_64 | 0.6.0 | 7.00 | 73.00 | 80.00 | OK | |
| r-patched-linux-x86_64 | 0.6.0 | 4.87 | 63.80 | 68.67 | OK | |
| r-release-linux-x86_64 | 0.6.0 | 4.72 | 63.52 | 68.24 | OK | |
| r-release-macos-arm64 | 0.6.0 | 2.00 | 32.00 | 34.00 | OK | |
| r-release-macos-x86_64 | 0.6.0 | 4.00 | 54.00 | 58.00 | OK | |
| r-release-windows-x86_64 | 0.6.0 | 6.00 | 74.00 | 80.00 | OK | |
| r-oldrel-macos-arm64 | 0.6.0 | 2.00 | 30.00 | 32.00 | OK | |
| r-oldrel-macos-x86_64 | 0.6.0 | 3.00 | 46.00 | 49.00 | OK | |
| r-oldrel-windows-x86_64 | 0.6.0 | 8.00 | 93.00 | 101.00 | OK |
Version: 0.6.0
Check: CRAN incoming feasibility
Result: NOTE
Maintainer: ‘Amanda Rehbein <amanda.rehbein@usp.br>’
Package CITATION file contains call(s) to old-style personList() or
as.personList(). Please use c() on person objects instead.
Package CITATION file contains call(s) to old-style citEntry(). Please
use bibentry() instead.
Flavors: r-devel-linux-x86_64-debian-clang, r-devel-linux-x86_64-debian-gcc
These binaries (installable software) and packages are in development.
They may not be fully stable and should be used with caution. We make no claims about them.