Last updated on 2025-05-25 21:48:45 CEST.
Flavor | Version | Tinstall | Tcheck | Ttotal | Status | Flags |
---|---|---|---|---|---|---|
r-devel-linux-x86_64-debian-clang | 0.12.0 | 141.62 | 56.41 | 198.03 | OK | |
r-devel-linux-x86_64-debian-gcc | 0.12.0 | 108.19 | 39.54 | 147.73 | OK | |
r-devel-linux-x86_64-fedora-clang | 0.12.0 | 343.14 | OK | |||
r-devel-linux-x86_64-fedora-gcc | 0.12.0 | 428.94 | OK | |||
r-devel-windows-x86_64 | 0.12.0 | 163.00 | 107.00 | 270.00 | OK | |
r-patched-linux-x86_64 | 0.12.0 | 152.45 | 53.36 | 205.81 | OK | |
r-release-linux-x86_64 | 0.12.0 | 155.11 | 53.01 | 208.12 | OK | |
r-release-macos-arm64 | 0.12.0 | 124.00 | OK | |||
r-release-macos-x86_64 | 0.12.0 | 147.00 | OK | |||
r-release-windows-x86_64 | 0.12.0 | 162.00 | 107.00 | 269.00 | OK | |
r-oldrel-macos-arm64 | 0.12.0 | 87.00 | NOTE | |||
r-oldrel-macos-x86_64 | 0.12.0 | 127.00 | NOTE | |||
r-oldrel-windows-x86_64 | 0.12.0 | 191.00 | 126.00 | 317.00 | NOTE |
Version: 0.12.0
Check: installed package size
Result: NOTE
installed size is 13.8Mb
sub-directories of 1Mb or more:
libs 13.0Mb
Flavors: r-oldrel-macos-arm64, r-oldrel-macos-x86_64, r-oldrel-windows-x86_64
These binaries (installable software) and packages are in development.
They may not be fully stable and should be used with caution. We make no claims about them.