Last updated on 2025-07-02 03:50:50 CEST.
Flavor | Version | Tinstall | Tcheck | Ttotal | Status | Flags |
---|---|---|---|---|---|---|
r-devel-linux-x86_64-debian-clang | 0.0.12 | 17.58 | 167.54 | 185.12 | OK | |
r-devel-linux-x86_64-debian-gcc | 0.0.12 | 11.24 | 110.61 | 121.85 | ERROR | |
r-devel-linux-x86_64-fedora-clang | 0.0.12 | 287.68 | OK | |||
r-devel-linux-x86_64-fedora-gcc | 0.0.12 | 243.12 | OK | |||
r-devel-windows-x86_64 | 0.0.12 | 22.00 | 222.00 | 244.00 | OK | |
r-patched-linux-x86_64 | OK | |||||
r-release-linux-x86_64 | 0.0.12 | 16.53 | 154.07 | 170.60 | OK | |
r-release-macos-arm64 | 0.0.12 | 124.00 | OK | |||
r-release-macos-x86_64 | 0.0.12 | 200.00 | OK | |||
r-release-windows-x86_64 | 0.0.12 | 25.00 | 218.00 | 243.00 | OK | |
r-oldrel-macos-arm64 | 0.0.12 | 112.00 | OK | |||
r-oldrel-macos-x86_64 | 0.0.12 | 202.00 | OK | |||
r-oldrel-windows-x86_64 | 0.0.12 | 32.00 | 245.00 | 277.00 | ERROR |
Version: 0.0.12
Check: re-building of vignette outputs
Result: ERROR
Error(s) in re-building vignettes:
...
--- re-building ‘B3-Indexes.Rmd’ using rmarkdown
Quitting from B3-Indexes.Rmd:35-41 [indexes-get-load]
~~~~~~~~~~~~~~~~~~~~~~~~~~~~~~~~~~~~~~~~~~~~~~~~~~~~~~~~~~~~~~~~~~~~~~~~~~~~~~~~
<error/rlang_error>
Error in `readChar()`:
! cannot open the connection
---
Backtrace:
▆
1. └─base::load("indexes_get.rda")
2. └─base::readChar(con, 5L, useBytes = TRUE)
~~~~~~~~~~~~~~~~~~~~~~~~~~~~~~~~~~~~~~~~~~~~~~~~~~~~~~~~~~~~~~~~~~~~~~~~~~~~~~~~
Error: processing vignette 'B3-Indexes.Rmd' failed with diagnostics:
cannot open the connection
--- failed re-building ‘B3-Indexes.Rmd’
--- re-building ‘Fetching-historical-future-rates.Rmd’ using rmarkdown
--- finished re-building ‘Fetching-historical-future-rates.Rmd’
--- re-building ‘Fetching-historical-yield-curve.Rmd’ using rmarkdown
--- finished re-building ‘Fetching-historical-yield-curve.Rmd’
SUMMARY: processing the following file failed:
‘B3-Indexes.Rmd’
Error: Vignette re-building failed.
Execution halted
Flavor: r-devel-linux-x86_64-debian-gcc
Version: 0.0.12
Check: re-building of vignette outputs
Result: ERROR
Error(s) in re-building vignettes:
--- re-building 'B3-Indexes.Rmd' using rmarkdown
Quitting from B3-Indexes.Rmd:35-41 [indexes-get-load]
~~~~~~~~~~~~~~~~~~~~~~~~~~~~~~~~~~~~~~~~~~~~~~~~~~~~~~~~~~~~~~~~~~~~~~~~~~~~~~~~
<error/rlang_error>
Error in `readChar()`:
! cannot open the connection
---
Backtrace:
▆
1. └─base::load("indexes_get.rda")
2. └─base::readChar(con, 5L, useBytes = TRUE)
~~~~~~~~~~~~~~~~~~~~~~~~~~~~~~~~~~~~~~~~~~~~~~~~~~~~~~~~~~~~~~~~~~~~~~~~~~~~~~~~
Error: processing vignette 'B3-Indexes.Rmd' failed with diagnostics:
cannot open the connection
--- failed re-building 'B3-Indexes.Rmd'
--- re-building 'Fetching-historical-future-rates.Rmd' using rmarkdown
--- finished re-building 'Fetching-historical-future-rates.Rmd'
--- re-building 'Fetching-historical-yield-curve.Rmd' using rmarkdown
--- finished re-building 'Fetching-historical-yield-curve.Rmd'
SUMMARY: processing the following file failed:
'B3-Indexes.Rmd'
Error: Vignette re-building failed.
Execution halted
Flavor: r-oldrel-windows-x86_64
These binaries (installable software) and packages are in development.
They may not be fully stable and should be used with caution. We make no claims about them.