CRAN Package Check Results for Package rbcb

Last updated on 2025-11-13 15:51:22 CET.

Flavor Version Tinstall Tcheck Ttotal Status Flags
r-devel-linux-x86_64-debian-clang 0.1.14 5.37 45.82 51.19 NOTE
r-devel-linux-x86_64-debian-gcc 0.1.14 3.53 34.05 37.58 NOTE
r-devel-linux-x86_64-fedora-clang 0.1.14 12.00 64.68 76.68 OK
r-devel-linux-x86_64-fedora-gcc 0.1.14 14.00 56.70 70.70 OK
r-devel-windows-x86_64 0.1.14 7.00 60.00 67.00 OK
r-patched-linux-x86_64 0.1.14 4.99 41.90 46.89 OK
r-release-linux-x86_64 0.1.14 4.58 41.95 46.53 OK
r-release-macos-arm64 0.1.14 3.00 25.00 28.00 OK
r-release-macos-x86_64 0.1.14 7.00 62.00 69.00 OK
r-release-windows-x86_64 0.1.14 6.00 62.00 68.00 OK
r-oldrel-macos-arm64 0.1.14 2.00 23.00 25.00 OK
r-oldrel-macos-x86_64 0.1.14 5.00 33.00 38.00 OK
r-oldrel-windows-x86_64 0.1.14 8.00 74.00 82.00 OK

Check Details

Version: 0.1.14
Check: CRAN incoming feasibility
Result: NOTE Maintainer: ‘Wilson Freitas <wilson.freitas@gmail.com>’ No Authors@R field in DESCRIPTION. Please add one, modifying Authors@R: person(given = "Wilson", family = "Freitas", role = c("aut", "cre"), email = "wilson.freitas@gmail.com") as necessary. Flavors: r-devel-linux-x86_64-debian-clang, r-devel-linux-x86_64-debian-gcc

These binaries (installable software) and packages are in development.
They may not be fully stable and should be used with caution. We make no claims about them.