CRAN Package Check Results for Package rbenchmark

Last updated on 2025-10-10 09:50:39 CEST.

Flavor Version Tinstall Tcheck Ttotal Status Flags
r-devel-linux-x86_64-debian-clang 1.0.0 1.61 26.83 28.44 NOTE
r-devel-linux-x86_64-debian-gcc 1.0.0 1.31 21.16 22.47 NOTE
r-devel-linux-x86_64-fedora-clang 1.0.0 41.84 OK
r-devel-linux-x86_64-fedora-gcc 1.0.0 41.32 OK
r-devel-windows-x86_64 1.0.0 2.00 48.00 50.00 OK
r-patched-linux-x86_64 1.0.0 1.28 26.06 27.34 OK
r-release-linux-x86_64 1.0.0 1.26 26.12 27.38 OK
r-release-macos-arm64 1.0.0 19.00 OK
r-release-macos-x86_64 1.0.0 47.00 OK
r-release-windows-x86_64 1.0.0 3.00 51.00 54.00 OK
r-oldrel-macos-arm64 1.0.0 23.00 OK
r-oldrel-macos-x86_64 1.0.0 39.00 OK
r-oldrel-windows-x86_64 1.0.0 3.00 47.00 50.00 OK

Check Details

Version: 1.0.0
Check: DESCRIPTION meta-information
Result: NOTE Author field differs from that derived from Authors@R Author: ‘Wacek Kusnierczyk <waku@idi.ntnu.no>’ Authors@R: ‘Wacek Kusnierczyk [aut, cre], Dirk Eddelbuettel [ctb], Berend Hasselman [ctb]’ Flavors: r-devel-linux-x86_64-debian-clang, r-devel-linux-x86_64-debian-gcc

These binaries (installable software) and packages are in development.
They may not be fully stable and should be used with caution. We make no claims about them.