Last updated on 2025-05-01 08:52:43 CEST.
Flavor | Version | Tinstall | Tcheck | Ttotal | Status | Flags |
---|---|---|---|---|---|---|
r-devel-linux-x86_64-debian-clang | 1.0.0 | 1.53 | 25.21 | 26.74 | NOTE | |
r-devel-linux-x86_64-debian-gcc | 1.0.0 | 1.21 | 20.50 | 21.71 | NOTE | |
r-devel-linux-x86_64-fedora-clang | 1.0.0 | 43.97 | OK | |||
r-devel-linux-x86_64-fedora-gcc | 1.0.0 | 41.26 | OK | |||
r-devel-windows-x86_64 | 1.0.0 | 3.00 | 47.00 | 50.00 | OK | |
r-patched-linux-x86_64 | 1.0.0 | 1.58 | 24.47 | 26.05 | OK | |
r-release-linux-x86_64 | OK | |||||
r-release-macos-arm64 | 1.0.0 | 19.00 | OK | |||
r-release-macos-x86_64 | 1.0.0 | 47.00 | OK | |||
r-release-windows-x86_64 | 1.0.0 | 3.00 | 51.00 | 54.00 | OK | |
r-oldrel-macos-arm64 | 1.0.0 | 23.00 | OK | |||
r-oldrel-macos-x86_64 | 1.0.0 | 39.00 | OK | |||
r-oldrel-windows-x86_64 | 1.0.0 | 3.00 | 47.00 | 50.00 | OK |
Version: 1.0.0
Check: DESCRIPTION meta-information
Result: NOTE
Author field differs from that derived from Authors@R
Author: ‘Wacek Kusnierczyk <waku@idi.ntnu.no>’
Authors@R: ‘Wacek Kusnierczyk [aut, cre], Dirk Eddelbuettel [ctb], Berend Hasselman [ctb]’
Flavors: r-devel-linux-x86_64-debian-clang, r-devel-linux-x86_64-debian-gcc
These binaries (installable software) and packages are in development.
They may not be fully stable and should be used with caution. We make no claims about them.