CRAN Package Check Results for Package rbibutils

Last updated on 2025-07-01 11:49:27 CEST.

Flavor Version Tinstall Tcheck Ttotal Status Flags
r-devel-linux-x86_64-debian-clang 2.3 23.20 37.76 60.96 OK
r-devel-linux-x86_64-debian-gcc 2.3 19.98 29.11 49.09 OK
r-devel-linux-x86_64-fedora-clang 2.3 94.25 OK
r-devel-linux-x86_64-fedora-gcc 2.3 105.91 OK
r-devel-windows-x86_64 2.3 64.00 163.00 227.00 OK
r-patched-linux-x86_64 OK
r-release-linux-x86_64 2.3 21.05 34.45 55.50 OK
r-release-macos-arm64 2.3 47.00 OK
r-release-macos-x86_64 2.3 82.00 OK
r-release-windows-x86_64 2.3 57.00 166.00 223.00 OK
r-oldrel-macos-arm64 2.3 44.00 OK
r-oldrel-macos-x86_64 2.3 112.00 OK
r-oldrel-windows-x86_64 2.3 1.00 9.00 10.00 ERROR

Check Details

Version: 2.3
Check: whether package can be installed
Result: ERROR Installation failed. Flavor: r-oldrel-windows-x86_64

These binaries (installable software) and packages are in development.
They may not be fully stable and should be used with caution. We make no claims about them.