Last updated on 2025-11-11 15:50:44 CET.
| Flavor | Version | Tinstall | Tcheck | Ttotal | Status | Flags |
|---|---|---|---|---|---|---|
| r-devel-linux-x86_64-debian-clang | 1.3.1 | 386.23 | 209.76 | 595.99 | OK | |
| r-devel-linux-x86_64-debian-gcc | 1.3.1 | 326.96 | 173.41 | 500.37 | OK | |
| r-devel-linux-x86_64-fedora-clang | 1.3.1 | 720.00 | 182.48 | 902.48 | OK | |
| r-devel-linux-x86_64-fedora-gcc | 1.3.1 | 1080.00 | 58.32 | 1138.32 | OK | |
| r-devel-windows-x86_64 | 1.3.1 | 391.00 | 249.00 | 640.00 | OK | |
| r-patched-linux-x86_64 | 1.3.1 | 400.69 | 233.68 | 634.37 | OK | |
| r-release-linux-x86_64 | 1.3.1 | 406.64 | 233.52 | 640.16 | OK | |
| r-release-macos-arm64 | 1.3.1 | 170.00 | 52.00 | 222.00 | OK | |
| r-release-macos-x86_64 | 1.3.1 | 315.00 | 159.00 | 474.00 | OK | |
| r-release-windows-x86_64 | 1.3.1 | 376.00 | 240.00 | 616.00 | OK | |
| r-oldrel-macos-arm64 | 1.3.1 | 194.00 | 91.00 | 285.00 | NOTE | |
| r-oldrel-macos-x86_64 | 1.3.1 | 323.00 | 245.00 | 568.00 | NOTE | |
| r-oldrel-windows-x86_64 | 1.3.1 | 450.00 | 311.00 | 761.00 | NOTE |
Version: 1.3.1
Check: installed package size
Result: NOTE
installed size is 66.2Mb
sub-directories of 1Mb or more:
libs 65.5Mb
Flavors: r-oldrel-macos-arm64, r-oldrel-macos-x86_64
Version: 1.3.1
Check: for GNU extensions in Makefiles
Result: NOTE
GNU make is a SystemRequirements.
Flavors: r-oldrel-macos-arm64, r-oldrel-macos-x86_64, r-oldrel-windows-x86_64
These binaries (installable software) and packages are in development.
They may not be fully stable and should be used with caution. We make no claims about them.