Last updated on 2025-07-02 03:50:50 CEST.
Flavor | Version | Tinstall | Tcheck | Ttotal | Status | Flags |
---|---|---|---|---|---|---|
r-devel-linux-x86_64-debian-clang | 1.2.1 | 405.42 | 200.22 | 605.64 | OK | |
r-devel-linux-x86_64-debian-gcc | 1.2.1 | 335.91 | 162.83 | 498.74 | OK | |
r-devel-linux-x86_64-fedora-clang | 1.2.1 | 881.72 | OK | |||
r-devel-linux-x86_64-fedora-gcc | 1.2.1 | 1083.30 | OK | |||
r-devel-windows-x86_64 | 1.2.1 | 396.00 | 237.00 | 633.00 | OK | |
r-patched-linux-x86_64 | OK | |||||
r-release-linux-x86_64 | 1.2.1 | 397.62 | 222.38 | 620.00 | OK | |
r-release-macos-arm64 | 1.2.1 | 254.00 | OK | |||
r-release-macos-x86_64 | 1.2.1 | 341.00 | OK | |||
r-release-windows-x86_64 | 1.2.1 | 392.00 | 238.00 | 630.00 | OK | |
r-oldrel-macos-arm64 | 1.2.1 | 132.00 | NOTE | |||
r-oldrel-macos-x86_64 | 1.2.1 | 165.00 | NOTE | |||
r-oldrel-windows-x86_64 | 1.2.1 | 442.00 | 303.00 | 745.00 | NOTE |
Version: 1.2.1
Check: installed package size
Result: NOTE
installed size is 66.1Mb
sub-directories of 1Mb or more:
libs 65.5Mb
Flavors: r-oldrel-macos-arm64, r-oldrel-macos-x86_64
Version: 1.2.1
Check: for GNU extensions in Makefiles
Result: NOTE
GNU make is a SystemRequirements.
Flavors: r-oldrel-macos-arm64, r-oldrel-macos-x86_64, r-oldrel-windows-x86_64
These binaries (installable software) and packages are in development.
They may not be fully stable and should be used with caution. We make no claims about them.