CRAN Package Check Results for Package rbioacc

Last updated on 2025-05-08 04:52:15 CEST.

Flavor Version Tinstall Tcheck Ttotal Status Flags
r-devel-linux-x86_64-debian-clang 1.2.1 385.84 197.12 582.96 OK
r-devel-linux-x86_64-debian-gcc 1.2.1 342.37 163.94 506.31 OK
r-devel-linux-x86_64-fedora-clang 1.2.1 883.86 OK
r-devel-linux-x86_64-fedora-gcc 1.2.1 1263.92 OK
r-devel-windows-x86_64 1.2.1 399.00 234.00 633.00 OK
r-patched-linux-x86_64 1.2.1 397.16 220.52 617.68 OK
r-release-linux-x86_64 1.2.1 399.76 219.87 619.63 OK
r-release-macos-arm64 1.2.1 254.00 OK
r-release-macos-x86_64 1.2.1 341.00 OK
r-release-windows-x86_64 1.2.1 388.00 232.00 620.00 OK
r-oldrel-macos-arm64 1.2.1 132.00 NOTE
r-oldrel-macos-x86_64 1.2.1 165.00 NOTE
r-oldrel-windows-x86_64 1.2.1 441.00 306.00 747.00 NOTE

Check Details

Version: 1.2.1
Check: installed package size
Result: NOTE installed size is 66.1Mb sub-directories of 1Mb or more: libs 65.5Mb Flavors: r-oldrel-macos-arm64, r-oldrel-macos-x86_64

Version: 1.2.1
Check: for GNU extensions in Makefiles
Result: NOTE GNU make is a SystemRequirements. Flavors: r-oldrel-macos-arm64, r-oldrel-macos-x86_64, r-oldrel-windows-x86_64

These binaries (installable software) and packages are in development.
They may not be fully stable and should be used with caution. We make no claims about them.