Last updated on 2025-05-08 04:52:15 CEST.
Flavor | Version | Tinstall | Tcheck | Ttotal | Status | Flags |
---|---|---|---|---|---|---|
r-devel-linux-x86_64-debian-clang | 2.2 | 2.00 | 24.15 | 26.15 | NOTE | |
r-devel-linux-x86_64-debian-gcc | 2.2 | 1.65 | 18.58 | 20.23 | NOTE | |
r-devel-linux-x86_64-fedora-clang | 2.2 | 44.38 | OK | |||
r-devel-linux-x86_64-fedora-gcc | 2.2 | 41.32 | OK | |||
r-devel-windows-x86_64 | 2.2 | 3.00 | 46.00 | 49.00 | OK | |
r-patched-linux-x86_64 | 2.2 | 2.35 | 22.40 | 24.75 | OK | |
r-release-linux-x86_64 | 2.2 | 2.07 | 22.90 | 24.97 | OK | |
r-release-macos-arm64 | 2.2 | 20.00 | OK | |||
r-release-macos-x86_64 | 2.2 | 38.00 | OK | |||
r-release-windows-x86_64 | 2.2 | 3.00 | 51.00 | 54.00 | OK | |
r-oldrel-macos-arm64 | 2.2 | 17.00 | OK | |||
r-oldrel-macos-x86_64 | 2.2 | 33.00 | OK | |||
r-oldrel-windows-x86_64 | 2.2 | 3.00 | 46.00 | 49.00 | OK |
Version: 2.2
Check: CRAN incoming feasibility
Result: NOTE
Maintainer: ‘Luke J. Keele <luke.keele@gmail.com>’
No Authors@R field in DESCRIPTION.
Please add one, modifying
Authors@R: person(given = c("Luke", "J."),
family = "Keele",
role = c("aut", "cre"),
email = "luke.keele@gmail.com")
as necessary.
Flavors: r-devel-linux-x86_64-debian-clang, r-devel-linux-x86_64-debian-gcc
These binaries (installable software) and packages are in development.
They may not be fully stable and should be used with caution. We make no claims about them.