CRAN Package Check Results for Package rbounds

Last updated on 2025-10-10 09:50:39 CEST.

Flavor Version Tinstall Tcheck Ttotal Status Flags
r-devel-linux-x86_64-debian-clang 2.2 2.08 25.91 27.99 NOTE
r-devel-linux-x86_64-debian-gcc 2.2 1.71 20.30 22.01 NOTE
r-devel-linux-x86_64-fedora-clang 2.2 41.27 OK
r-devel-linux-x86_64-fedora-gcc 2.2 39.04 OK
r-devel-windows-x86_64 2.2 3.00 48.00 51.00 OK
r-patched-linux-x86_64 2.2 2.40 24.63 27.03 OK
r-release-linux-x86_64 2.2 2.14 24.69 26.83 OK
r-release-macos-arm64 2.2 20.00 OK
r-release-macos-x86_64 2.2 38.00 OK
r-release-windows-x86_64 2.2 3.00 51.00 54.00 OK
r-oldrel-macos-arm64 2.2 17.00 OK
r-oldrel-macos-x86_64 2.2 33.00 OK
r-oldrel-windows-x86_64 2.2 3.00 46.00 49.00 OK

Check Details

Version: 2.2
Check: CRAN incoming feasibility
Result: NOTE Maintainer: ‘Luke J. Keele <luke.keele@gmail.com>’ No Authors@R field in DESCRIPTION. Please add one, modifying Authors@R: person(given = c("Luke", "J."), family = "Keele", role = c("aut", "cre"), email = "luke.keele@gmail.com") as necessary. Flavors: r-devel-linux-x86_64-debian-clang, r-devel-linux-x86_64-debian-gcc

These binaries (installable software) and packages are in development.
They may not be fully stable and should be used with caution. We make no claims about them.