Last updated on 2025-10-23 21:51:38 CEST.
Flavor | Version | Tinstall | Tcheck | Ttotal | Status | Flags |
---|---|---|---|---|---|---|
r-devel-linux-x86_64-debian-clang | 0.1-7 | 5.01 | 41.63 | 46.64 | NOTE | |
r-devel-linux-x86_64-debian-gcc | 0.1-7 | 3.78 | 30.34 | 34.12 | OK | |
r-devel-linux-x86_64-fedora-clang | 0.1-7 | 66.18 | OK | |||
r-devel-linux-x86_64-fedora-gcc | 0.1-7 | 10.00 | 52.75 | 62.75 | OK | |
r-devel-windows-x86_64 | 0.1-7 | 7.00 | 61.00 | 68.00 | OK | |
r-patched-linux-x86_64 | 0.1-7 | 7.60 | 38.90 | 46.50 | OK | |
r-release-linux-x86_64 | 0.1-7 | 4.93 | 38.49 | 43.42 | OK | |
r-release-macos-arm64 | 0.1-7 | 3.00 | 22.00 | 25.00 | OK | |
r-release-macos-x86_64 | 0.1-7 | 4.00 | 31.00 | 35.00 | OK | |
r-release-windows-x86_64 | 0.1-7 | 8.00 | 72.00 | 80.00 | OK | |
r-oldrel-macos-arm64 | 0.1-7 | 3.00 | 20.00 | 23.00 | OK | |
r-oldrel-macos-x86_64 | 0.1-7 | 4.00 | 31.00 | 35.00 | OK | |
r-oldrel-windows-x86_64 | 0.1-7 | 9.00 | 82.00 | 91.00 | OK |
Version: 0.1-7
Check: HTML version of manual
Result: NOTE
Found the following HTML validation problems:
show-methods.html:53:1 (show-methods.Rd:18): Warning: missing </ul> before </div>
Flavor: r-devel-linux-x86_64-debian-clang
These binaries (installable software) and packages are in development.
They may not be fully stable and should be used with caution. We make no claims about them.